{"id":270,"date":"2025-10-16T00:02:16","date_gmt":"2025-10-16T00:02:16","guid":{"rendered":"https:\/\/aumonerie-catholique-chu.fr\/?page_id=270"},"modified":"2025-10-22T19:42:35","modified_gmt":"2025-10-22T19:42:35","slug":"priere-dans-la-detresse","status":"publish","type":"page","link":"https:\/\/aumonerie-catholique-chu.fr\/index.php\/priere-dans-la-detresse\/","title":{"rendered":"Pri\u00e8re dans la d\u00e9tresse"},"content":{"rendered":"\n<figure class=\"wp-block-image aligncenter size-full is-resized is-style-rounded is-style-rounded--1\"><a href=\"https:\/\/aumonerie-catholique-chu.fr\/index.php\/les-7-paroles-de-jesus-en-croix\/\"><img loading=\"lazy\" decoding=\"async\" width=\"1024\" height=\"1024\" src=\"https:\/\/aumonerie-catholique-chu.fr\/wp-content\/uploads\/2025\/10\/ChatGPT-Image-16-oct.-2025-19_09_00.jpg\" alt=\"\" class=\"wp-image-279\" style=\"box-shadow:var(--wp--preset--shadow--natural);width:190px\" srcset=\"https:\/\/aumonerie-catholique-chu.fr\/wp-content\/uploads\/2025\/10\/ChatGPT-Image-16-oct.-2025-19_09_00.jpg 1024w, https:\/\/aumonerie-catholique-chu.fr\/wp-content\/uploads\/2025\/10\/ChatGPT-Image-16-oct.-2025-19_09_00-300x300.jpg 300w, https:\/\/aumonerie-catholique-chu.fr\/wp-content\/uploads\/2025\/10\/ChatGPT-Image-16-oct.-2025-19_09_00-150x150.jpg 150w, https:\/\/aumonerie-catholique-chu.fr\/wp-content\/uploads\/2025\/10\/ChatGPT-Image-16-oct.-2025-19_09_00-768x768.jpg 768w\" sizes=\"auto, (max-width: 1024px) 100vw, 1024px\" \/><\/a><\/figure>\n\n\n\n<p class=\"has-large-font-size\">Psaume 21<\/p>\n\n\n\n<p class=\"has-text-align-center has-small-font-size\" style=\"line-height:0.4\">Mon Dieu, mon Dieu,<\/p>\n\n\n\n<p class=\"has-text-align-center has-small-font-size\" style=\"line-height:0.4\">pourquoi m&rsquo;as-tu abandonn\u00e9 ? *<\/p>\n\n\n\n<p class=\"has-text-align-center has-small-font-size\" style=\"line-height:0.4\">Le salut est loin de moi,<\/p>\n\n\n\n<p class=\"has-text-align-center has-small-font-size\" style=\"line-height:0.4\">loin des mots que je rugis.<\/p>\n\n\n\n<div style=\"height:1px\" aria-hidden=\"true\" class=\"wp-block-spacer\"><\/div>\n\n\n\n<p class=\"has-text-align-center has-small-font-size\" style=\"line-height:0\"><\/p>\n\n\n\n<p class=\"has-text-align-center has-small-font-size\" style=\"line-height:0.4\">Mon Dieu, j&rsquo;appelle tout le jour,<\/p>\n\n\n\n<p class=\"has-text-align-center has-small-font-size\" style=\"line-height:0.4\">et tu ne r\u00e9ponds pas ; *<\/p>\n\n\n\n<p class=\"has-text-align-center has-small-font-size\" style=\"line-height:0.4\">m\u00eame la nuit,<\/p>\n\n\n\n<p class=\"has-text-align-center has-small-font-size\" style=\"line-height:0.4\">je n&rsquo;ai pas de repos.<\/p>\n\n\n\n<div style=\"height:1px\" aria-hidden=\"true\" class=\"wp-block-spacer\"><\/div>\n\n\n\n<p class=\"has-text-align-center has-small-font-size\" style=\"line-height:0\"><\/p>\n\n\n\n<p class=\"has-text-align-center has-small-font-size\" style=\"line-height:0.4\">Toi, pourtant, tu es saint,<\/p>\n\n\n\n<p class=\"has-text-align-center has-small-font-size\" style=\"line-height:0.4\">toi qui habites les hymnes d&rsquo;Isra\u00ebl !<\/p>\n\n\n\n<p class=\"has-text-align-center has-small-font-size\" style=\"line-height:0.4\">C&rsquo;est en toi que nos p\u00e8res esp\u00e9raient,<\/p>\n\n\n\n<p class=\"has-text-align-center has-small-font-size\" style=\"line-height:0.4\">ils esp\u00e9raient et tu les d\u00e9livrais.<\/p>\n\n\n\n<p class=\"has-text-align-center has-small-font-size\" style=\"line-height:0.4\">Quand ils criaient vers toi, ils \u00e9chappaient ;<\/p>\n\n\n\n<p class=\"has-text-align-center has-small-font-size\" style=\"line-height:0.4\">en toi ils esp\u00e9raient et n&rsquo;\u00e9taient pas d\u00e9\u00e7us.<\/p>\n\n\n\n<div style=\"height:1px\" aria-hidden=\"true\" class=\"wp-block-spacer\"><\/div>\n\n\n\n<div style=\"height:0px\" aria-hidden=\"true\" class=\"wp-block-spacer\"><\/div>\n\n\n\n<p class=\"has-text-align-center has-small-font-size\" style=\"line-height:0\"><\/p>\n\n\n\n<p class=\"has-text-align-center has-small-font-size\" style=\"line-height:0.4\">Et moi, je suis un ver, pas un homme,<\/p>\n\n\n\n<p class=\"has-text-align-center has-small-font-size\" style=\"line-height:0.4\">raill\u00e9 par les gens, rejet\u00e9 par le peuple.<\/p>\n\n\n\n<p class=\"has-text-align-center has-small-font-size\" style=\"line-height:0.4\">Tous ceux qui me voient me bafouent,<\/p>\n\n\n\n<p class=\"has-text-align-center has-small-font-size\" style=\"line-height:0.4\">ils ricanent et hochent la t\u00eate :<\/p>\n\n\n\n<p class=\"has-text-align-center has-small-font-size\" style=\"line-height:0.4\">\u00ab Il comptait sur le Seigneur : <\/p>\n\n\n\n<p class=\"has-text-align-center has-small-font-size\" style=\"line-height:0.4\">qu&rsquo;il le d\u00e9livre !<\/p>\n\n\n\n<p class=\"has-text-align-center has-small-font-size\" style=\"line-height:0.4\">Qu&rsquo;il le sauve, puisqu&rsquo;il est son ami ! \u00bb<\/p>\n\n\n\n<div style=\"height:1px\" aria-hidden=\"true\" class=\"wp-block-spacer\"><\/div>\n\n\n\n<p class=\"has-text-align-center has-small-font-size\" style=\"line-height:0\"><\/p>\n\n\n\n<p class=\"has-text-align-center has-small-font-size\" style=\"line-height:0.4\">C&rsquo;est toi qui m&rsquo;as tir\u00e9 du ventre <\/p>\n\n\n\n<p class=\"has-text-align-center has-small-font-size\" style=\"line-height:0.4\">de ma m\u00e8re,<\/p>\n\n\n\n<p class=\"has-text-align-center has-small-font-size\" style=\"line-height:0.4\">qui m&rsquo;a mis en s\u00fbret\u00e9 entre ses bras.<\/p>\n\n\n\n<p class=\"has-text-align-center has-small-font-size\" style=\"line-height:0.4\">A toi je fus confi\u00e9 d\u00e8s ma naissance ;<\/p>\n\n\n\n<p class=\"has-text-align-center has-small-font-size\" style=\"line-height:0.4\">d\u00e8s le ventre de ma m\u00e8re, tu es mon Dieu.<\/p>\n\n\n\n<div style=\"height:1px\" aria-hidden=\"true\" class=\"wp-block-spacer\"><\/div>\n\n\n\n<p class=\"has-text-align-center has-small-font-size\" style=\"line-height:0\"><\/p>\n\n\n\n<p class=\"has-text-align-center has-small-font-size\" style=\"line-height:0.4\">Ne sois pas loin : l&rsquo;angoisse est proche,<\/p>\n\n\n\n<p class=\"has-text-align-center has-small-font-size\" style=\"line-height:0.4\">je n&rsquo;ai personne pour m&rsquo;aider.<\/p>\n\n\n\n<p class=\"has-text-align-center has-small-font-size\" style=\"line-height:0.4\">Des fauves nombreux me cernent,<\/p>\n\n\n\n<p class=\"has-text-align-center has-small-font-size\" style=\"line-height:0.4\">des taureaux de Basan m&rsquo;encerclent.<\/p>\n\n\n\n<p class=\"has-text-align-center has-small-font-size\" style=\"line-height:0.4\">Des lions qui d\u00e9chirent et rugissent<\/p>\n\n\n\n<p class=\"has-text-align-center has-small-font-size\" style=\"line-height:0.4\">ouvrent leur gueule contre moi.<\/p>\n\n\n\n<div style=\"height:1px\" aria-hidden=\"true\" class=\"wp-block-spacer\"><\/div>\n\n\n\n<div style=\"height:0px\" aria-hidden=\"true\" class=\"wp-block-spacer\"><\/div>\n\n\n\n<p class=\"has-text-align-center has-small-font-size\" style=\"line-height:0\"><\/p>\n\n\n\n<p class=\"has-text-align-center has-small-font-size\" style=\"line-height:0.4\">Je suis comme l&rsquo;eau qui se r\u00e9pand,<\/p>\n\n\n\n<p class=\"has-text-align-center has-small-font-size\" style=\"line-height:0.4\">tous mes membres se disloquent.<\/p>\n\n\n\n<p class=\"has-text-align-center has-small-font-size\" style=\"line-height:0.4\">Mon c\u0153ur est comme la cire,<\/p>\n\n\n\n<p class=\"has-text-align-center has-small-font-size\" style=\"line-height:0.4\">il fond au milieu de mes entrailles.<\/p>\n\n\n\n<p class=\"has-text-align-center has-small-font-size\" style=\"line-height:0.4\">Ma vigueur a s\u00e9ch\u00e9 comme l&rsquo;argile,<\/p>\n\n\n\n<p class=\"has-text-align-center has-small-font-size\" style=\"line-height:0.4\">ma langue colle \u00e0 mon palais.<\/p>\n\n\n\n<div style=\"height:1px\" aria-hidden=\"true\" class=\"wp-block-spacer\"><\/div>\n\n\n\n<p class=\"has-text-align-center has-small-font-size\" style=\"line-height:0\"><\/p>\n\n\n\n<p class=\"has-text-align-center has-small-font-size\" style=\"line-height:0.4\">Tu me m\u00e8nes \u00e0 la poussi\u00e8re de la mort. +<\/p>\n\n\n\n<p class=\"has-text-align-center has-small-font-size\" style=\"line-height:0.4\">Oui, des chiens me cernent,<\/p>\n\n\n\n<p class=\"has-text-align-center has-small-font-size\" style=\"line-height:0.4\">une bande de vauriens m&rsquo;entoure.<\/p>\n\n\n\n<p class=\"has-text-align-center has-small-font-size\" style=\"line-height:0.4\">Ils me percent les mains et les pieds ;<\/p>\n\n\n\n<p class=\"has-text-align-center has-small-font-size\" style=\"line-height:0.4\">je peux compter tous mes os.<\/p>\n\n\n\n<div style=\"height:1px\" aria-hidden=\"true\" class=\"wp-block-spacer\"><\/div>\n\n\n\n<p class=\"has-text-align-center has-small-font-size\" style=\"line-height:0\"><\/p>\n\n\n\n<p class=\"has-text-align-center has-small-font-size\" style=\"line-height:0.4\">Ces gens me voient, ils me regardent. +<\/p>\n\n\n\n<p class=\"has-text-align-center has-small-font-size\" style=\"line-height:0.4\">Ils partagent entre eux mes habits<\/p>\n\n\n\n<p class=\"has-text-align-center has-small-font-size\" style=\"line-height:0.4\">et tirent au sort mon v\u00eatement.<\/p>\n\n\n\n<div style=\"height:1px\" aria-hidden=\"true\" class=\"wp-block-spacer\"><\/div>\n\n\n\n<p class=\"has-text-align-center has-small-font-size\" style=\"line-height:0\"><\/p>\n\n\n\n<p class=\"has-text-align-center has-small-font-size\" style=\"line-height:0.4\">Mais toi, Seigneur, ne sois pas loin :<\/p>\n\n\n\n<p class=\"has-text-align-center has-small-font-size\" style=\"line-height:0.4\">\u00f4 ma force, viens vite \u00e0 mon aide !<\/p>\n\n\n\n<p class=\"has-text-align-center has-small-font-size\" style=\"line-height:0.4\">Pr\u00e9serve ma vie de l&rsquo;\u00e9p\u00e9e,<\/p>\n\n\n\n<p class=\"has-text-align-center has-small-font-size\" style=\"line-height:0.4\">arrache-moi aux griffes du chien ;<\/p>\n\n\n\n<p class=\"has-text-align-center has-small-font-size\" style=\"line-height:0.4\">sauve-moi de la gueule du lion<\/p>\n\n\n\n<p class=\"has-text-align-center has-small-font-size\" style=\"line-height:0.4\">et de la corne des buffles.<\/p>\n\n\n\n<div style=\"height:1px\" aria-hidden=\"true\" class=\"wp-block-spacer\"><\/div>\n\n\n\n<p class=\"has-text-align-center has-small-font-size\" style=\"line-height:0\"><\/p>\n\n\n\n<p class=\"has-text-align-center has-small-font-size\" style=\"line-height:0.4\">Tu m&rsquo;as r\u00e9pondu ! +<\/p>\n\n\n\n<p class=\"has-text-align-center has-small-font-size\" style=\"line-height:0.4\">Et je proclame ton nom devant mes fr\u00e8res,<\/p>\n\n\n\n<p class=\"has-text-align-center has-small-font-size\" style=\"line-height:0.4\">je te loue en pleine assembl\u00e9e.<\/p>\n\n\n\n<div style=\"height:1px\" aria-hidden=\"true\" class=\"wp-block-spacer\"><\/div>\n\n\n\n<p class=\"has-text-align-center has-small-font-size\" style=\"line-height:0\"><\/p>\n\n\n\n<p class=\"has-text-align-center has-small-font-size\" style=\"line-height:0.4\">Vous qui le craignez, louez le Seigneur, +<\/p>\n\n\n\n<p class=\"has-text-align-center has-small-font-size\" style=\"line-height:0.4\">glorifiez-le, vous tous, <\/p>\n\n\n\n<p class=\"has-text-align-center has-small-font-size\" style=\"line-height:0.4\">descendants de Jacob,<\/p>\n\n\n\n<p class=\"has-text-align-center has-small-font-size\" style=\"line-height:0.4\">vous tous, redoutez-le, <\/p>\n\n\n\n<p class=\"has-text-align-center has-small-font-size\" style=\"line-height:0.4\">descendants d&rsquo;Isra\u00ebl.<\/p>\n\n\n\n<div style=\"height:1px\" aria-hidden=\"true\" class=\"wp-block-spacer\"><\/div>\n\n\n\n<p class=\"has-text-align-center has-small-font-size\" style=\"line-height:0\"><\/p>\n\n\n\n<p class=\"has-text-align-center has-small-font-size\" style=\"line-height:0.4\">Car il n&rsquo;a pas rejet\u00e9,<\/p>\n\n\n\n<p class=\"has-text-align-center has-small-font-size\" style=\"line-height:0.4\">il n&rsquo;a pas r\u00e9prouv\u00e9 le malheureux <\/p>\n\n\n\n<p class=\"has-text-align-center has-small-font-size\" style=\"line-height:0.4\">dans sa mis\u00e8re ;<\/p>\n\n\n\n<p class=\"has-text-align-center has-small-font-size\" style=\"line-height:0.4\">il ne s&rsquo;est pas voil\u00e9 la face devant lui,<\/p>\n\n\n\n<p class=\"has-text-align-center has-small-font-size\" style=\"line-height:0.4\">mais il entend sa plainte.<\/p>\n\n\n\n<div style=\"height:1px\" aria-hidden=\"true\" class=\"wp-block-spacer\"><\/div>\n\n\n\n<p class=\"has-text-align-center has-small-font-size\" style=\"line-height:0\"><\/p>\n\n\n\n<p class=\"has-text-align-center has-small-font-size\" style=\"line-height:0.4\">Tu seras ma louange <\/p>\n\n\n\n<p class=\"has-text-align-center has-small-font-size\" style=\"line-height:0.4\">dans la grande assembl\u00e9e ;<\/p>\n\n\n\n<p class=\"has-text-align-center has-small-font-size\" style=\"line-height:0.4\">devant ceux qui te craignent, <\/p>\n\n\n\n<p class=\"has-text-align-center has-small-font-size\" style=\"line-height:0.4\">je tiendrai mes promesses.<\/p>\n\n\n\n<p class=\"has-text-align-center has-small-font-size\" style=\"line-height:0.4\">Les pauvres mangeront : <\/p>\n\n\n\n<p class=\"has-text-align-center has-small-font-size\" style=\"line-height:0.4\">ils seront rassasi\u00e9s ;<\/p>\n\n\n\n<p class=\"has-text-align-center has-small-font-size\" style=\"line-height:0.4\">ils loueront le Seigneur, <\/p>\n\n\n\n<p class=\"has-text-align-center has-small-font-size\" style=\"line-height:0.4\">ceux qui le cherchent :<\/p>\n\n\n\n<p class=\"has-text-align-center has-small-font-size\" style=\"line-height:0.4\">&nbsp;&nbsp; \u00ab A vous, toujours, la vie et la joie ! \u00bb<\/p>\n\n\n\n<div style=\"height:1px\" aria-hidden=\"true\" class=\"wp-block-spacer\"><\/div>\n\n\n\n<p class=\"has-text-align-center has-small-font-size\" style=\"line-height:0\"><\/p>\n\n\n\n<p class=\"has-text-align-center has-small-font-size\" style=\"line-height:0.4\">La terre enti\u00e8re se souviendra<\/p>\n\n\n\n<p class=\"has-text-align-center has-small-font-size\" style=\"line-height:0.4\">et reviendra vers le Seigneur,<\/p>\n\n\n\n<p class=\"has-text-align-center has-small-font-size\" style=\"line-height:0.4\">chaque famille de nations <\/p>\n\n\n\n<p class=\"has-text-align-center has-small-font-size\" style=\"line-height:0.4\">se prosternera devant lui :<\/p>\n\n\n\n<p class=\"has-text-align-center has-small-font-size\" style=\"line-height:0.4\">\u00ab Oui, au Seigneur la royaut\u00e9,<\/p>\n\n\n\n<p class=\"has-text-align-center has-small-font-size\" style=\"line-height:0.4\">le pouvoir sur les nations ! \u00bb<\/p>\n\n\n\n<div style=\"height:1px\" aria-hidden=\"true\" class=\"wp-block-spacer\"><\/div>\n\n\n\n<p class=\"has-text-align-center has-small-font-size\" style=\"line-height:0\"><\/p>\n\n\n\n<p class=\"has-text-align-center has-small-font-size\" style=\"line-height:0.4\">Tous ceux qui festoyaient s&rsquo;inclinent ;<\/p>\n\n\n\n<p class=\"has-text-align-center has-small-font-size\" style=\"line-height:0.4\">promis \u00e0 la mort, ils plient en sa pr\u00e9sence.<\/p>\n\n\n\n<div style=\"height:1px\" aria-hidden=\"true\" class=\"wp-block-spacer\"><\/div>\n\n\n\n<p class=\"has-text-align-center has-small-font-size\" style=\"line-height:0\"><\/p>\n\n\n\n<p class=\"has-text-align-center has-small-font-size\" style=\"line-height:0.4\">Et moi, je vis pour lui : <\/p>\n\n\n\n<p class=\"has-text-align-center has-small-font-size\" style=\"line-height:0.4\">ma descendance le servira ;<\/p>\n\n\n\n<p class=\"has-text-align-center has-small-font-size\" style=\"line-height:0.4\">on annoncera le Seigneur <\/p>\n\n\n\n<p class=\"has-text-align-center has-small-font-size\" style=\"line-height:0.4\">aux g\u00e9n\u00e9rations \u00e0 venir.<\/p>\n\n\n\n<p class=\"has-text-align-center has-small-font-size\" style=\"line-height:0.4\">On proclamera sa justice <\/p>\n\n\n\n<p class=\"has-text-align-center has-small-font-size\" style=\"line-height:0.4\">au peuple qui va na\u00eetre :<\/p>\n\n\n\n<p class=\"has-text-align-center has-small-font-size\" style=\"line-height:0.4\">Voil\u00e0 son \u0153uvre !<\/p>\n\n\n\n<div style=\"height:1px\" aria-hidden=\"true\" class=\"wp-block-spacer\"><\/div>\n\n\n\n<p class=\"has-text-align-center has-small-font-size\" style=\"line-height:0\"><\/p>\n\n\n\n<p class=\"has-text-align-center has-small-font-size\" style=\"line-height:0.4\">Gloire au P\u00e8re, et au Fils, <\/p>\n\n\n\n<p class=\"has-text-align-center has-small-font-size\" style=\"line-height:0.4\">et au Saint-Esprit,<\/p>\n\n\n\n<p class=\"has-text-align-center has-small-font-size\" style=\"line-height:0.4\">pour les si\u00e8cles des si\u00e8cles. Amen.<\/p>\n\n\n\n<div class=\"wp-block-buttons is-layout-flex wp-block-buttons-is-layout-flex\">\n<div class=\"wp-block-button\"><a class=\"wp-block-button__link wp-element-button\" href=\"https:\/\/aumonerie-catholique-chu.fr\/index.php\/la-bonne-priere\/\">Retour<\/a><\/div>\n<\/div>\n","protected":false},"excerpt":{"rendered":"<p>Psaume 21 Mon Dieu, mon Dieu, pourquoi m&rsquo;as-tu abandonn\u00e9 ? * Le salut est loin de moi, loin des mots que je rugis. Mon Dieu, j&rsquo;appelle tout le jour, et tu ne r\u00e9ponds pas ; * m\u00eame la nuit, je n&rsquo;ai pas de repos. Toi, pourtant, tu es saint, toi qui habites les hymnes d&rsquo;Isra\u00ebl [&hellip;]<\/p>\n","protected":false},"author":1,"featured_media":0,"parent":0,"menu_order":0,"comment_status":"closed","ping_status":"closed","template":"","meta":{"footnotes":""},"class_list":["post-270","page","type-page","status-publish","hentry"],"_links":{"self":[{"href":"https:\/\/aumonerie-catholique-chu.fr\/index.php\/wp-json\/wp\/v2\/pages\/270","targetHints":{"allow":["GET"]}}],"collection":[{"href":"https:\/\/aumonerie-catholique-chu.fr\/index.php\/wp-json\/wp\/v2\/pages"}],"about":[{"href":"https:\/\/aumonerie-catholique-chu.fr\/index.php\/wp-json\/wp\/v2\/types\/page"}],"author":[{"embeddable":true,"href":"https:\/\/aumonerie-catholique-chu.fr\/index.php\/wp-json\/wp\/v2\/users\/1"}],"replies":[{"embeddable":true,"href":"https:\/\/aumonerie-catholique-chu.fr\/index.php\/wp-json\/wp\/v2\/comments?post=270"}],"version-history":[{"count":15,"href":"https:\/\/aumonerie-catholique-chu.fr\/index.php\/wp-json\/wp\/v2\/pages\/270\/revisions"}],"predecessor-version":[{"id":582,"href":"https:\/\/aumonerie-catholique-chu.fr\/index.php\/wp-json\/wp\/v2\/pages\/270\/revisions\/582"}],"wp:attachment":[{"href":"https:\/\/aumonerie-catholique-chu.fr\/index.php\/wp-json\/wp\/v2\/media?parent=270"}],"curies":[{"name":"wp","href":"https:\/\/api.w.org\/{rel}","templated":true}]}}