{"id":318,"date":"2025-10-17T17:12:21","date_gmt":"2025-10-17T17:12:21","guid":{"rendered":"https:\/\/aumonerie-catholique-chu.fr\/?page_id=318"},"modified":"2025-10-24T15:54:15","modified_gmt":"2025-10-24T15:54:15","slug":"saint-ignace-de-loyola","status":"publish","type":"page","link":"https:\/\/aumonerie-catholique-chu.fr\/index.php\/saint-ignace-de-loyola\/","title":{"rendered":"Saint Ignace de Loyola"},"content":{"rendered":"\n<figure class=\"wp-block-image aligncenter size-large is-resized is-style-rounded is-style-rounded--1\"><a href=\"https:\/\/www.jesuites.com\/ignace-de-loyola\/\"><img loading=\"lazy\" decoding=\"async\" width=\"683\" height=\"1024\" src=\"https:\/\/aumonerie-catholique-chu.fr\/wp-content\/uploads\/2025\/10\/ChatGPT-Image-17-oct.-2025-19_18_22-683x1024.jpg\" alt=\"\" class=\"wp-image-320\" style=\"box-shadow:var(--wp--preset--shadow--natural);width:190px\" srcset=\"https:\/\/aumonerie-catholique-chu.fr\/wp-content\/uploads\/2025\/10\/ChatGPT-Image-17-oct.-2025-19_18_22-683x1024.jpg 683w, https:\/\/aumonerie-catholique-chu.fr\/wp-content\/uploads\/2025\/10\/ChatGPT-Image-17-oct.-2025-19_18_22-200x300.jpg 200w, https:\/\/aumonerie-catholique-chu.fr\/wp-content\/uploads\/2025\/10\/ChatGPT-Image-17-oct.-2025-19_18_22-768x1152.jpg 768w, https:\/\/aumonerie-catholique-chu.fr\/wp-content\/uploads\/2025\/10\/ChatGPT-Image-17-oct.-2025-19_18_22.jpg 1024w\" sizes=\"auto, (max-width: 683px) 100vw, 683px\" \/><\/a><\/figure>\n\n\n\n<hr class=\"wp-block-separator has-alpha-channel-opacity\"\/>\n\n\n\n<h3 class=\"wp-block-heading\">L&rsquo;Incroyable Convalescence du Jeune Chevalier<\/h3>\n\n\n\n<p class=\"has-small-font-size\">  Imaginez la sc\u00e8ne ! Nous sommes en <strong>1521<\/strong>. Le jeune et fier chevalier, <strong><a href=\"https:\/\/www.jesuites.com\/ignace-de-loyola\/\">Ignace de Loyola<\/a><\/strong>, est bris\u00e9, clou\u00e9 au lit dans son ch\u00e2teau familial. Un boulet de canon a fait un carnage \u00e0 sa jambe, et ses chances de survie sont minces. Les m\u00e9decins sont pessimistes.<\/p>\n\n\n\n<p class=\"has-small-font-size\">La veille de la Saint-Pierre et Saint-Paul, c&rsquo;est le grand moment : ils annoncent que s&rsquo;il n&rsquo;y a pas d&rsquo;am\u00e9lioration avant minuit, c&rsquo;est fini. Mais voil\u00e0 que le destin frappe&#8230; ou plut\u00f4t, Dieu : <strong>\u00e0 minuit pile<\/strong>, Ignace commence \u00e0 se sentir mieux ! Une v\u00e9ritable r\u00e9surrection qui le tire du bord du tombeau.<\/p>\n\n\n\n<p class=\"has-small-font-size\">Sauf que sa jambe est un d\u00e9sastre. Un os chevauche l&rsquo;autre, la jambe est raccourcie et d\u00e9form\u00e9e. Pour le beau gosse qu&rsquo;il est, celui qui se destine \u00e0 la vie de cour et aux conqu\u00eates, c&rsquo;est inacceptable. Il veut \u00eatre parfait pour sa vie mondaine ! Alors, il prend une d\u00e9cision hallucinante, m\u00eame son fr\u00e8re a\u00een\u00e9 est terrifi\u00e9 : il demande aux chirurgiens de <strong>scier l&rsquo;os qui d\u00e9passe<\/strong> ! Oui, vous avez bien entendu : scier un os d\u00e9j\u00e0 soud\u00e9, sans anesth\u00e9sie, pour l&rsquo;esth\u00e9tique !<\/p>\n\n\n\n<p class=\"has-small-font-size\">Il endure cette nouvelle torture avec une patience incroyable. Puis, on lui applique des instruments pour \u00e9tirer sa jambe, jour apr\u00e8s jour, pour qu&rsquo;elle ne soit pas trop courte. C&rsquo;est un vrai martyre, mais il s&rsquo;y soumet. Il s&rsquo;en sort, certes, en bonne sant\u00e9, mais toujours forc\u00e9 de rester au lit.<\/p>\n\n\n\n<h3 class=\"wp-block-heading\">Le Dilemme des Livres et le Secret du Bonheur<\/h3>\n\n\n\n<p class=\"has-small-font-size\">Pour tuer le temps, Ignace r\u00e9clame ses livres favoris : des <strong>romans de chevalerie<\/strong> ! Mais par un hasard qui n&rsquo;en est pas un, la maison n&rsquo;en a aucun. \u00c0 la place, on lui donne une <strong>Vie du Christ<\/strong> et un livre sur la <strong><a href=\"https:\/\/www.bibliotheque-monastique.ch\/bibliotheque\/bibliotheque\/voragine\/index.htm#tome1\">Vie des Saints<\/a><\/strong> (<em>La L\u00e9gende dor\u00e9e<\/em>).<\/p>\n\n\n\n<p class=\"has-small-font-size\">Il se met \u00e0 lire, \u00e0 contre-c\u0153ur. Il alterne entre deux types de pens\u00e9es :<\/p>\n\n\n\n<ol start=\"1\" class=\"wp-block-list\">\n<li class=\"has-small-font-size\"><strong>Le Chevalier R\u00eaveur :<\/strong> Il passe des heures (deux, trois, quatre heures !) \u00e0 fantasmer sur une haute dame, imaginant comment il pourrait la s\u00e9duire, les exploits qu&rsquo;il accomplirait. C&rsquo;est son ancien monde.<\/li>\n\n\n\n<li class=\"has-small-font-size\"><strong>Le Saint Potentiel :<\/strong> Il se demande : \u00ab Et si je faisais comme Saint Fran\u00e7ois ? Et si je faisais comme Saint Dominique ? \u00bb Il s&rsquo;imagine faire des grandes choses pour Dieu, comme aller \u00e0 J\u00e9rusalem nu-pieds.<\/li>\n<\/ol>\n\n\n\n<p class=\"has-small-font-size\">Pendant longtemps, il ne fait que passer d&rsquo;une r\u00eaverie \u00e0 l&rsquo;autre. Mais peu \u00e0 peu, il remarque quelque chose de fondamental, le secret de son c\u0153ur :<\/p>\n\n\n\n<ul class=\"wp-block-list\">\n<li class=\"has-small-font-size\">Quand il pensait \u00e0 la gloire mondaine, il \u00e9tait passionn\u00e9 sur le moment, mais apr\u00e8s, il se sentait <strong>vide, aride et insatisfait<\/strong>.<\/li>\n\n\n\n<li class=\"has-small-font-size\">Quand il pensait aux saints et aux grands actes pour Dieu, il \u00e9tait <strong>joyeux<\/strong> pendant et <strong>restait satisfait et all\u00e8gre<\/strong> m\u00eame apr\u00e8s avoir cess\u00e9 d&rsquo;y penser.<\/li>\n<\/ul>\n\n\n\n<h3 class=\"wp-block-heading\">La Lumi\u00e8re et la Conversion<\/h3>\n\n\n\n<p class=\"has-small-font-size\">Cette diff\u00e9rence, au d\u00e9part, il ne l&rsquo;analyse pas. Mais quand il commence \u00e0 y r\u00e9fl\u00e9chir, c&rsquo;est le d\u00e9clic ! Il comprend qu&rsquo;il y a l\u00e0 une bataille dans son \u00e2me, un combat entre deux esprits : <strong>l&rsquo;un vient de Dieu, l&rsquo;autre du <a href=\"https:\/\/aumonerie-catholique-chu.fr\/index.php\/la-chute-des-anges\/\" data-type=\"page\" data-id=\"325\">d\u00e9mon<\/a><\/strong>.<\/p>\n\n\n\n<p class=\"has-small-font-size\">C&rsquo;est sa premi\u00e8re grande le\u00e7on spirituelle ! Il se met alors \u00e0 penser s\u00e9rieusement \u00e0 sa vie, r\u00e9alise qu&rsquo;il doit faire p\u00e9nitence et d\u00e9cide : <strong>il imitera les saints<\/strong>. Ses vieux r\u00eaves de vanit\u00e9 s&rsquo;envolent, remplac\u00e9s par le d\u00e9sir ardent de se d\u00e9vouer \u00e0 Dieu et d&rsquo;aller \u00e0 J\u00e9rusalem d\u00e8s qu&rsquo;il pourra marcher.<\/p>\n\n\n\n<p class=\"has-small-font-size\">Ainsi, le chevalier bless\u00e9 qui ne r\u00eavait que de vanit\u00e9 est devenu <strong>Saint Ignace de Loyola<\/strong>, le p\u00e8lerin qui a d\u00e9couvert l&rsquo;art de discerner les appels de son c\u0153ur ! Et vous, quel saint deviendrez-vous ?<\/p>\n\n\n\n<div class=\"wp-block-buttons is-layout-flex wp-block-buttons-is-layout-flex\">\n<div class=\"wp-block-button\"><a class=\"wp-block-button__link wp-element-button\" href=\"https:\/\/aumonerie-catholique-chu.fr\/index.php\/un-saint-comme-ami\/\">Retour<\/a><\/div>\n<\/div>\n","protected":false},"excerpt":{"rendered":"<p>L&rsquo;Incroyable Convalescence du Jeune Chevalier Imaginez la sc\u00e8ne ! Nous sommes en 1521. Le jeune et fier chevalier, Ignace de Loyola, est bris\u00e9, clou\u00e9 au lit dans son ch\u00e2teau familial. Un boulet de canon a fait un carnage \u00e0 sa jambe, et ses chances de survie sont minces. Les m\u00e9decins sont pessimistes. La veille de [&hellip;]<\/p>\n","protected":false},"author":1,"featured_media":0,"parent":0,"menu_order":0,"comment_status":"closed","ping_status":"closed","template":"","meta":{"footnotes":""},"class_list":["post-318","page","type-page","status-publish","hentry"],"_links":{"self":[{"href":"https:\/\/aumonerie-catholique-chu.fr\/index.php\/wp-json\/wp\/v2\/pages\/318","targetHints":{"allow":["GET"]}}],"collection":[{"href":"https:\/\/aumonerie-catholique-chu.fr\/index.php\/wp-json\/wp\/v2\/pages"}],"about":[{"href":"https:\/\/aumonerie-catholique-chu.fr\/index.php\/wp-json\/wp\/v2\/types\/page"}],"author":[{"embeddable":true,"href":"https:\/\/aumonerie-catholique-chu.fr\/index.php\/wp-json\/wp\/v2\/users\/1"}],"replies":[{"embeddable":true,"href":"https:\/\/aumonerie-catholique-chu.fr\/index.php\/wp-json\/wp\/v2\/comments?post=318"}],"version-history":[{"count":7,"href":"https:\/\/aumonerie-catholique-chu.fr\/index.php\/wp-json\/wp\/v2\/pages\/318\/revisions"}],"predecessor-version":[{"id":674,"href":"https:\/\/aumonerie-catholique-chu.fr\/index.php\/wp-json\/wp\/v2\/pages\/318\/revisions\/674"}],"wp:attachment":[{"href":"https:\/\/aumonerie-catholique-chu.fr\/index.php\/wp-json\/wp\/v2\/media?parent=318"}],"curies":[{"name":"wp","href":"https:\/\/api.w.org\/{rel}","templated":true}]}}