{"id":343,"date":"2025-10-17T19:25:52","date_gmt":"2025-10-17T19:25:52","guid":{"rendered":"https:\/\/aumonerie-catholique-chu.fr\/?page_id=343"},"modified":"2025-10-17T20:08:44","modified_gmt":"2025-10-17T20:08:44","slug":"jesus-jai-confiance-en-toi","status":"publish","type":"page","link":"https:\/\/aumonerie-catholique-chu.fr\/index.php\/jesus-jai-confiance-en-toi\/","title":{"rendered":"J\u00e9sus, j&rsquo;ai confiance en toi"},"content":{"rendered":"\n<figure class=\"wp-block-image size-large\"><img loading=\"lazy\" decoding=\"async\" width=\"724\" height=\"1024\" src=\"https:\/\/aumonerie-catholique-chu.fr\/wp-content\/uploads\/2025\/10\/Jesus-misericordieux-2-724x1024.jpg\" alt=\"\" class=\"wp-image-346\" srcset=\"https:\/\/aumonerie-catholique-chu.fr\/wp-content\/uploads\/2025\/10\/Jesus-misericordieux-2-724x1024.jpg 724w, https:\/\/aumonerie-catholique-chu.fr\/wp-content\/uploads\/2025\/10\/Jesus-misericordieux-2-212x300.jpg 212w, https:\/\/aumonerie-catholique-chu.fr\/wp-content\/uploads\/2025\/10\/Jesus-misericordieux-2-768x1086.jpg 768w, https:\/\/aumonerie-catholique-chu.fr\/wp-content\/uploads\/2025\/10\/Jesus-misericordieux-2-1086x1536.jpg 1086w, https:\/\/aumonerie-catholique-chu.fr\/wp-content\/uploads\/2025\/10\/Jesus-misericordieux-2-1448x2048.jpg 1448w, https:\/\/aumonerie-catholique-chu.fr\/wp-content\/uploads\/2025\/10\/Jesus-misericordieux-2.jpg 1750w\" sizes=\"auto, (max-width: 724px) 100vw, 724px\" \/><\/figure>\n\n\n\n<div style=\"height:30px\" aria-hidden=\"true\" class=\"wp-block-spacer\"><\/div>\n\n\n\n<p class=\"has-medium-font-size\">Cette belle ic\u00f4ne est un des moyens que J\u00e9sus a confi\u00e9 \u00e0 Sainte Faustine pour faire conna\u00eetre sa Mis\u00e9ricorde. Un autre moyen, c&rsquo;est ce que l&rsquo;on appelle le \u00ab\u00a0Chapelet de la divine Mis\u00e9ricorde.\u00a0\u00bb Cette page vous le pr\u00e9sente, pour que vous puissiez vous aussi prier avec.<\/p>\n\n\n\n<div style=\"height:20px\" aria-hidden=\"true\" class=\"wp-block-spacer\"><\/div>\n\n\n\n<blockquote class=\"wp-block-quote is-layout-flow wp-block-quote-is-layout-flow\">\n<p class=\"has-text-align-center\">\u00ab&nbsp;Les \u00e2mes qui r\u00e9citeront ce chapelet seront envelopp\u00e9es par ma mis\u00e9ricorde pendant leur vie et surtout \u00e0 l\u2019heure de leur mort&nbsp;\u00bbJ\u00e9sus \u00e0 S<sup>te<\/sup>&nbsp;Faustine (<em>Petit Journal<\/em>&nbsp;\u2013 \u00a7 754)<\/p>\n<\/blockquote>\n\n\n\n<p class=\"has-small-font-size\">Le chapelet de la mis\u00e9ricorde est une pri\u00e8re donn\u00e9e par J\u00e9sus \u00e0 S\u0153ur Faustine le 13 septembre 1935 \u00e0 Vilnius. Il lui promettait alors de nombreuses gr\u00e2ces pour ceux qui implorent sa mis\u00e9ricorde par ce moyen.<\/p>\n\n\n\n<p class=\"has-small-font-size\">Il peut particuli\u00e8rement se r\u00e9citer \u00e0 deux moments : tous les jours \u00e0 15h (heure de la mis\u00e9ricorde, heure de la mort de J\u00e9sus), ou lors d\u2019une\u00a0<a href=\"https:\/\/misericordedivine.fr\/neuvaine-a-la-misericorde\/\">neuvaine \u00e0 la Divine Mis\u00e9ricorde<\/a>.<\/p>\n\n\n\n<h2 class=\"wp-block-heading\">Comment r\u00e9citer ce chapelet ?<\/h2>\n\n\n\n<p class=\"has-small-font-size\">Le chapelet de la Mis\u00e9ricorde Divine se r\u00e9cite \u00e0 l\u2019aide d\u2019un chapelet ordinaire<\/p>\n\n\n\n<figure class=\"wp-block-image\"><img decoding=\"async\" src=\"https:\/\/www.paroissesaintjeandillacmartignas.fr\/wp-content\/uploads\/sites\/28\/2024\/04\/chapelet-divine-misericorde.webp\" alt=\"\" class=\"wp-image-692\"\/><\/figure>\n\n\n\n<h4 class=\"wp-block-heading\">1. Signe de croix<\/h4>\n\n\n\n<h4 class=\"wp-block-heading\">2. Pri\u00e8res d\u2019ouverture (facultatives)<\/h4>\n\n\n\n<p class=\"has-small-font-size\">\u00ab&nbsp;Vous avez \u00e9t\u00e9 \u00e0 l\u2019agonie, J\u00e9sus, mais la source de vie a jailli pour les \u00e2mes. Un oc\u00e9an de Mis\u00e9ricorde s\u2019est d\u00e9couvert pour le monde entier. \u00d4 source de vie, insondable Mis\u00e9ricorde de Dieu, submergez le monde entier, engloutissez-nous.&nbsp;\u00bb (<em>Petit Journal<\/em>&nbsp;\u2013 \u00a7 1747)<\/p>\n\n\n\n<p class=\"has-small-font-size\">\u00ab&nbsp;\u00d4 Sang et Eau, qui avez jailli du C\u0153ur de J\u00e9sus comme source de Mis\u00e9ricorde pour nous, j\u2019ai confiance en Vous.&nbsp;\u00bb (<em>Petit Journal<\/em>&nbsp;\u2013 \u00a7 187)<\/p>\n\n\n\n<h4 class=\"wp-block-heading\">3. Notre P\u00e8re<\/h4>\n\n\n\n<h4 class=\"wp-block-heading\">4. Je vous salue Marie<\/h4>\n\n\n\n<h4 class=\"wp-block-heading\">5. Symbole des ap\u00f4tres (Je crois en Dieu)<\/h4>\n\n\n\n<h4 class=\"wp-block-heading\">6. Sur les gros grains isol\u00e9s : \u00ab&nbsp;P\u00e8re \u00e9ternel\u2026&nbsp;\u00bb<\/h4>\n\n\n\n<p class=\"has-small-font-size\">\u00ab&nbsp;P\u00e8re \u00c9ternel, je Vous offre le corps et le sang, l\u2019\u00e2me et la divinit\u00e9 de Votre Fils bien-aim\u00e9, notre Seigneur J\u00e9sus-Christ, en r\u00e9paration de nos p\u00e9ch\u00e9s et ceux du monde entier&nbsp;\u00bb<\/p>\n\n\n\n<h4 class=\"wp-block-heading\">7. Sur les petits grains : \u00ab&nbsp;Par sa douloureuse passion\u2026&nbsp;\u00bb<\/h4>\n\n\n\n<p class=\"has-small-font-size\">\u00ab&nbsp;Par sa douloureuse Passion, soyez mis\u00e9ricordieux pour nous et pour le monde entier&nbsp;\u00bb<\/p>\n\n\n\n<h4 class=\"wp-block-heading\">8. R\u00e9p\u00e9ter les 5 dizaines<\/h4>\n\n\n\n<p class=\"has-small-font-size\">Jusqu\u2019\u00e0 la fin du chapelet, continuer \u00e0 dire un \u00ab&nbsp;P\u00e8re \u00e9ternel&nbsp;\u00bb sur chaque grain isol\u00e9, puis 10 \u00ab&nbsp;Par sa douloureuse passion&nbsp;\u00bb sur les 10 perles suivantes.<\/p>\n\n\n\n<h4 class=\"wp-block-heading\">9. \u00ab&nbsp;Dieu Saint\u2026&nbsp;\u00bb x3<\/h4>\n\n\n\n<p class=\"has-small-font-size\">\u00ab&nbsp;Dieu saint, Dieu fort, Dieu \u00e9ternel, ayez piti\u00e9 de nous et du monde entier&nbsp;\u00bb (\u00d7 3)<br>(<em>Petit Journal<\/em>&nbsp;\u2013 \u00a7 476).<\/p>\n\n\n\n<h4 class=\"wp-block-heading\">Pri\u00e8re de cl\u00f4ture (facultative)<\/h4>\n\n\n\n<p class=\"has-small-font-size\">\u00ab&nbsp;Dieu \u00e9ternel, en qui la mis\u00e9ricorde est sans fin et le tr\u00e9sor de la compassion in\u00e9puisable, regardez avec bont\u00e9 et augmentez votre mis\u00e9ricorde en nous, afin que, dans les moments difficiles, nous ne d\u00e9sesp\u00e9rions ni ne nous d\u00e9couragions, mais nous nous soumettions avec une grande confiance \u00e0 Votre sainte volont\u00e9, qui est amour et mis\u00e9ricorde.&nbsp;\u00bb<\/p>\n\n\n\n<h2 class=\"wp-block-heading\" id=\"neuvaine-divine-mis\"><a href=\"https:\/\/aumonerie-catholique-chu.fr\/index.php\/neuvaine-a-la-divine-misericorde\/\" data-type=\"page\" data-id=\"352\">Neuvaine \u00e0 la Divine Mis\u00e9ricorde<\/a><\/h2>\n\n\n\n<p class=\"has-small-font-size\">Le chapelet de la Divine Mis\u00e9ricorde peut \u00eatre r\u00e9cit\u00e9 lors d\u2019une neuvaine : c\u2019est-\u00e0-dire qu\u2019on le prie chaque jour pendant 9 jours, avec une intention particuli\u00e8re chaque jour. C\u2019est J\u00e9sus lui-m\u00eame qui ordonna \u00e0 sainte Faustine de retranscrire cette neuvaine et de la r\u00e9citer avant la F\u00eate de la Mis\u00e9ricorde (dimanche qui suit P\u00e2ques). Durant cette neuvaine on prie chaque jour pour un groupe d\u2019\u00e2mes en particulier : \u00e0 la fin de la neuvaine, on a ainsi confi\u00e9 l\u2019humanit\u00e9 toute enti\u00e8re \u00e0 la Mis\u00e9ricorde de Dieu.<\/p>\n\n\n\n<div class=\"wp-block-buttons is-layout-flex wp-block-buttons-is-layout-flex\"><\/div>\n","protected":false},"excerpt":{"rendered":"<p>Cette belle ic\u00f4ne est un des moyens que J\u00e9sus a confi\u00e9 \u00e0 Sainte Faustine pour faire conna\u00eetre sa Mis\u00e9ricorde. Un autre moyen, c&rsquo;est ce que l&rsquo;on appelle le \u00ab\u00a0Chapelet de la divine Mis\u00e9ricorde.\u00a0\u00bb Cette page vous le pr\u00e9sente, pour que vous puissiez vous aussi prier avec. \u00ab&nbsp;Les \u00e2mes qui r\u00e9citeront ce chapelet seront envelopp\u00e9es par [&hellip;]<\/p>\n","protected":false},"author":1,"featured_media":0,"parent":0,"menu_order":0,"comment_status":"closed","ping_status":"closed","template":"","meta":{"footnotes":""},"class_list":["post-343","page","type-page","status-publish","hentry"],"_links":{"self":[{"href":"https:\/\/aumonerie-catholique-chu.fr\/index.php\/wp-json\/wp\/v2\/pages\/343","targetHints":{"allow":["GET"]}}],"collection":[{"href":"https:\/\/aumonerie-catholique-chu.fr\/index.php\/wp-json\/wp\/v2\/pages"}],"about":[{"href":"https:\/\/aumonerie-catholique-chu.fr\/index.php\/wp-json\/wp\/v2\/types\/page"}],"author":[{"embeddable":true,"href":"https:\/\/aumonerie-catholique-chu.fr\/index.php\/wp-json\/wp\/v2\/users\/1"}],"replies":[{"embeddable":true,"href":"https:\/\/aumonerie-catholique-chu.fr\/index.php\/wp-json\/wp\/v2\/comments?post=343"}],"version-history":[{"count":8,"href":"https:\/\/aumonerie-catholique-chu.fr\/index.php\/wp-json\/wp\/v2\/pages\/343\/revisions"}],"predecessor-version":[{"id":363,"href":"https:\/\/aumonerie-catholique-chu.fr\/index.php\/wp-json\/wp\/v2\/pages\/343\/revisions\/363"}],"wp:attachment":[{"href":"https:\/\/aumonerie-catholique-chu.fr\/index.php\/wp-json\/wp\/v2\/media?parent=343"}],"curies":[{"name":"wp","href":"https:\/\/api.w.org\/{rel}","templated":true}]}}