{"id":461,"date":"2025-10-20T09:16:39","date_gmt":"2025-10-20T09:16:39","guid":{"rendered":"https:\/\/aumonerie-catholique-chu.fr\/?page_id=461"},"modified":"2025-10-22T14:41:32","modified_gmt":"2025-10-22T14:41:32","slug":"votre-mission-si-vous-lacceptez","status":"publish","type":"page","link":"https:\/\/aumonerie-catholique-chu.fr\/index.php\/votre-mission-si-vous-lacceptez\/","title":{"rendered":"Une mission possible \u00e0 l&rsquo;h\u00f4pital ?"},"content":{"rendered":"\n<p class=\"has-medium-font-size\">Oui, \u00e9tonnamment ! Ecoutons la plus grande sainte des temps modernes, sainte Th\u00e9r\u00e8se de l&rsquo;Enfant J\u00e9sus, pour comprendre ce que peut \u00eatre votre mission&#8230; si vous l&rsquo;acceptez&#8230; bien s\u00fbr!<\/p>\n\n\n\n<div style=\"height:20px\" aria-hidden=\"true\" class=\"wp-block-spacer\"><\/div>\n\n\n\n<figure class=\"wp-block-image aligncenter size-full is-resized is-style-rounded is-style-rounded--1\"><img loading=\"lazy\" decoding=\"async\" width=\"1024\" height=\"1024\" src=\"https:\/\/aumonerie-catholique-chu.fr\/wp-content\/uploads\/2025\/10\/ChatGPT-Image-20-oct.-2025-11_44_52.jpg\" alt=\"\" class=\"wp-image-467\" style=\"box-shadow:var(--wp--preset--shadow--natural);width:190px\" srcset=\"https:\/\/aumonerie-catholique-chu.fr\/wp-content\/uploads\/2025\/10\/ChatGPT-Image-20-oct.-2025-11_44_52.jpg 1024w, https:\/\/aumonerie-catholique-chu.fr\/wp-content\/uploads\/2025\/10\/ChatGPT-Image-20-oct.-2025-11_44_52-300x300.jpg 300w, https:\/\/aumonerie-catholique-chu.fr\/wp-content\/uploads\/2025\/10\/ChatGPT-Image-20-oct.-2025-11_44_52-150x150.jpg 150w, https:\/\/aumonerie-catholique-chu.fr\/wp-content\/uploads\/2025\/10\/ChatGPT-Image-20-oct.-2025-11_44_52-768x768.jpg 768w\" sizes=\"auto, (max-width: 1024px) 100vw, 1024px\" \/><\/figure>\n\n\n\n<div style=\"height:20px\" aria-hidden=\"true\" class=\"wp-block-spacer\"><\/div>\n\n\n\n<p class=\"has-small-font-size\"><em>Ce fut le 25\u00a0d\u00e9cembre 1886 que je re\u00e7us la gr\u00e2ce de sortir de l\u2019enfance, en un mot la gr\u00e2ce de ma compl\u00e8te conversion.<\/em> (&#8230;)<\/p>\n\n\n\n<p class=\"has-small-font-size\"><em>En cette nuit de lumi\u00e8re commen\u00e7a la troisi\u00e8me p\u00e9riode de ma vie, la plus belle de toutes, la plus remplie des gr\u00e2ces du Ciel\u2026 En un instant l\u2019ouvrage que je n\u2019avais pu faire en 10 ans, J\u00e9sus le fit se contentant de ma bonne volont\u00e9 qui jamais ne me fit d\u00e9faut (&#8230;) Il fit de moi un p\u00eacheur d\u2019\u00e2mes,\u00a0<strong>je sentis un grand d\u00e9sir de travailler \u00e0 la conversion des p\u00e9cheurs<\/strong>, d\u00e9sir que je n\u2019avais pas senti aussi vivement\u2026 Je sentis en un mot la charit\u00e9 entrer dans mon c\u0153ur, le besoin de m\u2019oublier pour faire plaisir et depuis lors je fus heureuse\u00a0!\u2026<\/em><\/p>\n\n\n\n<div style=\"height:20px\" aria-hidden=\"true\" class=\"wp-block-spacer\"><\/div>\n\n\n\n<figure class=\"wp-block-image aligncenter size-large is-resized is-style-rounded is-style-rounded--2\"><img loading=\"lazy\" decoding=\"async\" width=\"683\" height=\"1024\" src=\"https:\/\/aumonerie-catholique-chu.fr\/wp-content\/uploads\/2025\/10\/Icone-byzantine-_-Femme-et-coeur-rouge-683x1024.jpg\" alt=\"\" class=\"wp-image-536\" style=\"box-shadow:var(--wp--preset--shadow--natural);width:190px\" srcset=\"https:\/\/aumonerie-catholique-chu.fr\/wp-content\/uploads\/2025\/10\/Icone-byzantine-_-Femme-et-coeur-rouge-683x1024.jpg 683w, https:\/\/aumonerie-catholique-chu.fr\/wp-content\/uploads\/2025\/10\/Icone-byzantine-_-Femme-et-coeur-rouge-200x300.jpg 200w, https:\/\/aumonerie-catholique-chu.fr\/wp-content\/uploads\/2025\/10\/Icone-byzantine-_-Femme-et-coeur-rouge-768x1152.jpg 768w, https:\/\/aumonerie-catholique-chu.fr\/wp-content\/uploads\/2025\/10\/Icone-byzantine-_-Femme-et-coeur-rouge.jpg 1024w\" sizes=\"auto, (max-width: 683px) 100vw, 683px\" \/><\/figure>\n\n\n\n<div style=\"height:20px\" aria-hidden=\"true\" class=\"wp-block-spacer\"><\/div>\n\n\n\n<p class=\"has-small-font-size\"><em>Le cri de J\u00e9sus sur la Croix retentissait aussi continuellement dans mon c\u0153ur\u00a0: \u00ab\u00a0J\u2019ai soif\u00a0!\u00a0\u00bb Ces paroles allumaient en moi une ardeur inconnue et tr\u00e8s vive\u2026 Je voulais donner \u00e0 boire \u00e0 mon Bien-Aim\u00e9 et je me sentais moi-m\u00eame d\u00e9vor\u00e9e de la soif des \u00e2mes\u2026 Ce n\u2019\u00e9tait pas encore les \u00e2mes de pr\u00eatres qui m\u2019attiraient, mais celles des grands p\u00e9cheurs, je br\u00fblais du d\u00e9sir de les arracher aux flammes \u00e9ternelles\u2026<\/em><\/p>\n\n\n\n<div style=\"height:20px\" aria-hidden=\"true\" class=\"wp-block-spacer\"><\/div>\n\n\n\n<figure class=\"wp-block-image aligncenter size-large is-resized is-style-rounded is-style-rounded--3\"><img loading=\"lazy\" decoding=\"async\" width=\"683\" height=\"1024\" src=\"https:\/\/aumonerie-catholique-chu.fr\/wp-content\/uploads\/2025\/10\/ChatGPT-Image-20-oct.-2025-12_08_37-683x1024.jpg\" alt=\"\" class=\"wp-image-473\" style=\"box-shadow:var(--wp--preset--shadow--natural);width:190px\" srcset=\"https:\/\/aumonerie-catholique-chu.fr\/wp-content\/uploads\/2025\/10\/ChatGPT-Image-20-oct.-2025-12_08_37-683x1024.jpg 683w, https:\/\/aumonerie-catholique-chu.fr\/wp-content\/uploads\/2025\/10\/ChatGPT-Image-20-oct.-2025-12_08_37-200x300.jpg 200w, https:\/\/aumonerie-catholique-chu.fr\/wp-content\/uploads\/2025\/10\/ChatGPT-Image-20-oct.-2025-12_08_37-768x1152.jpg 768w, https:\/\/aumonerie-catholique-chu.fr\/wp-content\/uploads\/2025\/10\/ChatGPT-Image-20-oct.-2025-12_08_37.jpg 1024w\" sizes=\"auto, (max-width: 683px) 100vw, 683px\" \/><\/figure>\n\n\n\n<div style=\"height:20px\" aria-hidden=\"true\" class=\"wp-block-spacer\"><\/div>\n\n\n\n<p class=\"has-small-font-size\"><em>Afin d\u2019exciter mon z\u00e8le le Bon Dieu me montra qu\u2019il avait mes d\u00e9sirs pour agr\u00e9ables. J\u2019entendis parler d\u2019un grand criminel qui venait d\u2019\u00eatre condamn\u00e9 \u00e0 mort pour des crimes horribles, tout portait \u00e0 croire qu\u2019il mourrait dans l\u2019imp\u00e9nitence. Je voulus \u00e0 tout prix l\u2019emp\u00eacher de tomber en enfer, afin d\u2019y parvenir j\u2019employai tous les moyens imaginables\u00a0; sentant que de moi-m\u00eame je ne pouvais rien, j\u2019offris au Bon Dieu tous les m\u00e9rites infinis de Notre Seigneur, les tr\u00e9sors de la Sainte \u00c9glise, enfin je priai C\u00e9line de faire dire une messe dans mes intentions, n\u2019osant pas la demander moi-m\u00eame dans la crainte d\u2019\u00eatre oblig\u00e9e d\u2019avouer que c\u2019\u00e9tait pour Pranzini, le grand criminel(&#8230;). Je dis au Bon Dieu que j\u2019\u00e9tais bien s\u00fbre qu\u2019Il pardonnerait au pauvre malheureux Pranzini, que je le croirais m\u00eame s\u2019il ne se confessait pas et ne donnait aucune marque de repentir,\u00a0<strong>tant j\u2019avais de confiance en la mis\u00e9ricorde infinie de J\u00e9sus<\/strong>, mais que je lui demandais seulement \u00ab\u00a0un signe\u00a0\u00bb de repentir pour ma simple consolation\u2026 Ma pri\u00e8re fut exauc\u00e9e \u00e0 la lettre\u00a0! <\/em><\/p>\n\n\n\n<div style=\"height:20px\" aria-hidden=\"true\" class=\"wp-block-spacer\"><\/div>\n\n\n\n<figure class=\"wp-block-image aligncenter size-full is-resized is-style-rounded is-style-rounded--4\"><img loading=\"lazy\" decoding=\"async\" width=\"1024\" height=\"1024\" src=\"https:\/\/aumonerie-catholique-chu.fr\/wp-content\/uploads\/2025\/10\/ChatGPT-Image-20-oct.-2025-11_53_44.jpg\" alt=\"\" class=\"wp-image-468\" style=\"box-shadow:var(--wp--preset--shadow--natural);width:190px\" srcset=\"https:\/\/aumonerie-catholique-chu.fr\/wp-content\/uploads\/2025\/10\/ChatGPT-Image-20-oct.-2025-11_53_44.jpg 1024w, https:\/\/aumonerie-catholique-chu.fr\/wp-content\/uploads\/2025\/10\/ChatGPT-Image-20-oct.-2025-11_53_44-300x300.jpg 300w, https:\/\/aumonerie-catholique-chu.fr\/wp-content\/uploads\/2025\/10\/ChatGPT-Image-20-oct.-2025-11_53_44-150x150.jpg 150w, https:\/\/aumonerie-catholique-chu.fr\/wp-content\/uploads\/2025\/10\/ChatGPT-Image-20-oct.-2025-11_53_44-768x768.jpg 768w\" sizes=\"auto, (max-width: 1024px) 100vw, 1024px\" \/><\/figure>\n\n\n\n<div style=\"height:20px\" aria-hidden=\"true\" class=\"wp-block-spacer\"><\/div>\n\n\n\n<p class=\"has-small-font-size\"><em>Malgr\u00e9 la d\u00e9fense que Papa nous avait faite de lire aucun journal, je ne croyais pas d\u00e9sob\u00e9ir en lisant les passages qui parlaient de Pranzini. Le lendemain de son ex\u00e9cution je trouve sous ma main le journal\u00a0: \u00ab\u00a0La Croix\u00a0\u00bb. Je l\u2019ouvre avec empressement et que vois-je\u00a0?\u2026 Ah\u00a0! mes larmes trahirent mon \u00e9motion et je fus oblig\u00e9e de me cacher\u2026 Pranzini ne s\u2019\u00e9tait pas confess\u00e9, il \u00e9tait mont\u00e9 sur l\u2019\u00e9chafaud et s\u2019appr\u00eatait \u00e0 passer la t\u00eate dans le lugubre trou, quand tout \u00e0 coup, saisi d\u2019une inspiration subite, il se retourne, saisit un Crucifix que lui pr\u00e9sentait le pr\u00eatre et baise par trois fois ses plaies sacr\u00e9es\u00a0!\u2026 Puis son \u00e2me alla recevoir la sentence mis\u00e9ricordieuse de Celui qui d\u00e9clare qu\u2019au Ciel il y aura plus de joie pour un seul p\u00e9cheur qui fait p\u00e9nitence que pour 99 justes qui n\u2019ont pas besoin de p\u00e9nitence\u00a0!\u2026<\/em><\/p>\n\n\n\n<div class=\"wp-block-buttons is-layout-flex wp-block-buttons-is-layout-flex\">\n<div class=\"wp-block-button\"><a class=\"wp-block-button__link wp-element-button\" href=\"https:\/\/aumonerie-catholique-chu.fr\/index.php\/pour-continuer\/\" style=\"box-shadow:var(--wp--preset--shadow--natural)\">Quelle mission pour moi ?<\/a><\/div>\n<\/div>\n\n\n\n<div class=\"wp-block-buttons is-layout-flex wp-block-buttons-is-layout-flex\">\n<div class=\"wp-block-button\"><a class=\"wp-block-button__link wp-element-button\" href=\"https:\/\/aumonerie-catholique-chu.fr\/index.php\/pour-aller-plus-loin\/\" style=\"box-shadow:var(--wp--preset--shadow--natural)\">Retour<\/a><\/div>\n<\/div>\n","protected":false},"excerpt":{"rendered":"<p>Oui, \u00e9tonnamment ! Ecoutons la plus grande sainte des temps modernes, sainte Th\u00e9r\u00e8se de l&rsquo;Enfant J\u00e9sus, pour comprendre ce que peut \u00eatre votre mission&#8230; si vous l&rsquo;acceptez&#8230; bien s\u00fbr! Ce fut le 25\u00a0d\u00e9cembre 1886 que je re\u00e7us la gr\u00e2ce de sortir de l\u2019enfance, en un mot la gr\u00e2ce de ma compl\u00e8te conversion. (&#8230;) En cette [&hellip;]<\/p>\n","protected":false},"author":1,"featured_media":0,"parent":0,"menu_order":0,"comment_status":"closed","ping_status":"closed","template":"","meta":{"footnotes":""},"class_list":["post-461","page","type-page","status-publish","hentry"],"_links":{"self":[{"href":"https:\/\/aumonerie-catholique-chu.fr\/index.php\/wp-json\/wp\/v2\/pages\/461","targetHints":{"allow":["GET"]}}],"collection":[{"href":"https:\/\/aumonerie-catholique-chu.fr\/index.php\/wp-json\/wp\/v2\/pages"}],"about":[{"href":"https:\/\/aumonerie-catholique-chu.fr\/index.php\/wp-json\/wp\/v2\/types\/page"}],"author":[{"embeddable":true,"href":"https:\/\/aumonerie-catholique-chu.fr\/index.php\/wp-json\/wp\/v2\/users\/1"}],"replies":[{"embeddable":true,"href":"https:\/\/aumonerie-catholique-chu.fr\/index.php\/wp-json\/wp\/v2\/comments?post=461"}],"version-history":[{"count":20,"href":"https:\/\/aumonerie-catholique-chu.fr\/index.php\/wp-json\/wp\/v2\/pages\/461\/revisions"}],"predecessor-version":[{"id":570,"href":"https:\/\/aumonerie-catholique-chu.fr\/index.php\/wp-json\/wp\/v2\/pages\/461\/revisions\/570"}],"wp:attachment":[{"href":"https:\/\/aumonerie-catholique-chu.fr\/index.php\/wp-json\/wp\/v2\/media?parent=461"}],"curies":[{"name":"wp","href":"https:\/\/api.w.org\/{rel}","templated":true}]}}