{"id":63,"date":"2025-10-11T20:43:34","date_gmt":"2025-10-11T20:43:34","guid":{"rendered":"https:\/\/aumonerie-catholique-chu.fr\/?page_id=63"},"modified":"2025-11-19T09:37:14","modified_gmt":"2025-11-19T09:37:14","slug":"pour-aller-plus-loin","status":"publish","type":"page","link":"https:\/\/aumonerie-catholique-chu.fr\/index.php\/pour-aller-plus-loin\/","title":{"rendered":"Pour aller plus loin&#8230;"},"content":{"rendered":"\n<blockquote class=\"wp-block-quote is-layout-flow wp-block-quote-is-layout-flow\">\n<p><em>\u00ab La pri\u00e8re dilate le c\u0153ur. Sans la force de la pri\u00e8re, notre vie serait insupportable. \u00bb<\/em> <a href=\"https:\/\/www.soschretiensdorient.fr\/fr\/actualite\/mere-teresa-le-visage-de-la-misericorde-dans-les-bidonvilles\/\">(M\u00e8re Teresa)<\/a><\/p>\n<\/blockquote>\n\n\n\n<ul class=\"wp-block-list\">\n<li class=\"has-heading-font-family\">La Parole de Dieu pour aujourd&rsquo;hui :<\/li>\n<\/ul>\n\n\n\n<figure class=\"wp-block-image aligncenter size-large is-resized is-style-rounded is-style-rounded--1\"><a href=\"https:\/\/www.aelf.org\/\"><img loading=\"lazy\" decoding=\"async\" width=\"683\" height=\"1024\" src=\"https:\/\/aumonerie-catholique-chu.fr\/wp-content\/uploads\/2025\/10\/ChatGPT-Image-20-oct.-2025-12_16_31-683x1024.jpg\" alt=\"\" class=\"wp-image-475\" style=\"box-shadow:var(--wp--preset--shadow--natural);width:190px\" srcset=\"https:\/\/aumonerie-catholique-chu.fr\/wp-content\/uploads\/2025\/10\/ChatGPT-Image-20-oct.-2025-12_16_31-683x1024.jpg 683w, https:\/\/aumonerie-catholique-chu.fr\/wp-content\/uploads\/2025\/10\/ChatGPT-Image-20-oct.-2025-12_16_31-200x300.jpg 200w, https:\/\/aumonerie-catholique-chu.fr\/wp-content\/uploads\/2025\/10\/ChatGPT-Image-20-oct.-2025-12_16_31-768x1152.jpg 768w, https:\/\/aumonerie-catholique-chu.fr\/wp-content\/uploads\/2025\/10\/ChatGPT-Image-20-oct.-2025-12_16_31.jpg 1024w\" sizes=\"auto, (max-width: 683px) 100vw, 683px\" \/><\/a><\/figure>\n\n\n\n<div class=\"wp-block-columns has-small-font-size is-layout-flex wp-container-core-columns-is-layout-28f84493 wp-block-columns-is-layout-flex\">\n<div class=\"wp-block-column is-layout-flow wp-block-column-is-layout-flow\" style=\"flex-basis:100%\"><ul class=\"wp-block-rss wp-container-content-69bc4bdf\"><li class='wp-block-rss__item'><div class='wp-block-rss__item-title'>\u00c9vangile\u00a0: \u00ab \u201cJ\u2019ai vu le Seigneur !\u201d, et elle raconta ce qu\u2019il lui avait dit \u00bb (Jn 20, 11-18)<\/div><\/li><\/ul><\/div>\n<\/div>\n\n\n\n<div class=\"wp-block-buttons is-layout-flex wp-block-buttons-is-layout-flex\">\n<div class=\"wp-block-button\"><a class=\"wp-block-button__link wp-element-button\" href=\"https:\/\/www.aelf.org\/\" style=\"box-shadow:var(--wp--preset--shadow--natural)\">pour continuer \u00e0 lire&#8230;<\/a><\/div>\n<\/div>\n\n\n\n<div style=\"height:30px\" aria-hidden=\"true\" class=\"wp-block-spacer\"><\/div>\n\n\n\n<ul class=\"wp-block-list\">\n<li class=\"has-heading-font-family\">Trouvez la <a href=\"https:\/\/aumonerie-catholique-chu.fr\/index.php\/quest-ce-que-la-priere\/\" data-type=\"page\" data-id=\"375\">pri\u00e8re<\/a> juste pour vous<\/li>\n<\/ul>\n\n\n\n<figure class=\"wp-block-image aligncenter size-large is-resized is-style-rounded is-style-rounded--2\"><a href=\"https:\/\/aumonerie-catholique-chu.fr\/index.php\/la-bonne-priere\/\"><img loading=\"lazy\" decoding=\"async\" width=\"683\" height=\"1024\" src=\"https:\/\/aumonerie-catholique-chu.fr\/wp-content\/uploads\/2025\/10\/ChatGPT-Image-21-oct.-2025-21_57_43-683x1024.jpg\" alt=\"\" class=\"wp-image-551\" style=\"box-shadow:var(--wp--preset--shadow--natural);width:190px\" srcset=\"https:\/\/aumonerie-catholique-chu.fr\/wp-content\/uploads\/2025\/10\/ChatGPT-Image-21-oct.-2025-21_57_43-683x1024.jpg 683w, https:\/\/aumonerie-catholique-chu.fr\/wp-content\/uploads\/2025\/10\/ChatGPT-Image-21-oct.-2025-21_57_43-200x300.jpg 200w, https:\/\/aumonerie-catholique-chu.fr\/wp-content\/uploads\/2025\/10\/ChatGPT-Image-21-oct.-2025-21_57_43-768x1152.jpg 768w, https:\/\/aumonerie-catholique-chu.fr\/wp-content\/uploads\/2025\/10\/ChatGPT-Image-21-oct.-2025-21_57_43.jpg 1024w\" sizes=\"auto, (max-width: 683px) 100vw, 683px\" \/><\/a><\/figure>\n\n\n\n<div class=\"wp-block-buttons is-layout-flex wp-block-buttons-is-layout-flex\">\n<div class=\"wp-block-button\"><a class=\"wp-block-button__link wp-element-button\" href=\"https:\/\/aumonerie-catholique-chu.fr\/index.php\/la-bonne-priere\/\">L&#8217;embarras du choix&#8230;<\/a><\/div>\n<\/div>\n\n\n\n<div style=\"height:30px\" aria-hidden=\"true\" class=\"wp-block-spacer\"><\/div>\n\n\n\n<ul class=\"wp-block-list\">\n<li class=\"has-heading-font-family\">Avez-vous pens\u00e9 \u00e0 vous faire des amis ?<\/li>\n<\/ul>\n\n\n\n<figure class=\"wp-block-image aligncenter size-large is-resized is-style-rounded is-style-rounded--3\"><a href=\"https:\/\/aumonerie-catholique-chu.fr\/index.php\/un-saint-comme-ami\/\"><img loading=\"lazy\" decoding=\"async\" width=\"750\" height=\"1024\" src=\"https:\/\/aumonerie-catholique-chu.fr\/wp-content\/uploads\/2025\/10\/Icone-byzantine-des-saints-sereins-1-750x1024.jpg\" alt=\"\" class=\"wp-image-389\" style=\"box-shadow:var(--wp--preset--shadow--natural);width:190px\" srcset=\"https:\/\/aumonerie-catholique-chu.fr\/wp-content\/uploads\/2025\/10\/Icone-byzantine-des-saints-sereins-1-750x1024.jpg 750w, https:\/\/aumonerie-catholique-chu.fr\/wp-content\/uploads\/2025\/10\/Icone-byzantine-des-saints-sereins-1-220x300.jpg 220w, https:\/\/aumonerie-catholique-chu.fr\/wp-content\/uploads\/2025\/10\/Icone-byzantine-des-saints-sereins-1-768x1049.jpg 768w, https:\/\/aumonerie-catholique-chu.fr\/wp-content\/uploads\/2025\/10\/Icone-byzantine-des-saints-sereins-1.jpg 1024w\" sizes=\"auto, (max-width: 750px) 100vw, 750px\" \/><\/a><\/figure>\n\n\n\n<div class=\"wp-block-buttons is-layout-flex wp-block-buttons-is-layout-flex\">\n<div class=\"wp-block-button\"><a class=\"wp-block-button__link wp-element-button\" href=\"https:\/\/aumonerie-catholique-chu.fr\/index.php\/un-saint-comme-ami\/\" style=\"box-shadow:var(--wp--preset--shadow--natural)\">Ils n&rsquo;attendent que vous&#8230;<\/a><\/div>\n<\/div>\n\n\n\n<div style=\"height:30px\" aria-hidden=\"true\" class=\"wp-block-spacer\"><\/div>\n\n\n\n<ul class=\"wp-block-list\">\n<li class=\"has-heading-font-family\">Que diriez-vous d&rsquo;un petit check-up sacramentel ?<\/li>\n<\/ul>\n\n\n\n<figure class=\"wp-block-image aligncenter size-large is-resized is-style-rounded is-style-rounded--4\"><a href=\"https:\/\/aumonerie-catholique-chu.fr\/index.php\/sacrements\/\"><img loading=\"lazy\" decoding=\"async\" width=\"1024\" height=\"683\" src=\"https:\/\/aumonerie-catholique-chu.fr\/wp-content\/uploads\/2025\/10\/Consultation-medicale-a-lhopital-1024x683.jpg\" alt=\"\" class=\"wp-image-762\" style=\"box-shadow:var(--wp--preset--shadow--natural);width:228px\" srcset=\"https:\/\/aumonerie-catholique-chu.fr\/wp-content\/uploads\/2025\/10\/Consultation-medicale-a-lhopital-1024x683.jpg 1024w, https:\/\/aumonerie-catholique-chu.fr\/wp-content\/uploads\/2025\/10\/Consultation-medicale-a-lhopital-300x200.jpg 300w, https:\/\/aumonerie-catholique-chu.fr\/wp-content\/uploads\/2025\/10\/Consultation-medicale-a-lhopital-768x512.jpg 768w, https:\/\/aumonerie-catholique-chu.fr\/wp-content\/uploads\/2025\/10\/Consultation-medicale-a-lhopital.jpg 1536w\" sizes=\"auto, (max-width: 1024px) 100vw, 1024px\" \/><\/a><\/figure>\n\n\n\n<p class=\"has-small-font-size\">Vous avez d\u00fb entendre en arrivant \u00e0 l&rsquo;h\u00f4pital la question : \u00ab\u00a0Etes-vous \u00e0 jour dans vos vaccins?\u00a0\u00bb On n&rsquo;y \u00e9chappe pas ! Et si vous vous posiez la question pour votre \u00e2me : o\u00f9 en \u00eates-vous dans la \u00ab\u00a0mise \u00e0 jour\u00a0\u00bb question sacrements&#8230;?<\/p>\n\n\n\n<div class=\"wp-block-buttons is-layout-flex wp-block-buttons-is-layout-flex\">\n<div class=\"wp-block-button\"><a class=\"wp-block-button__link wp-element-button\" href=\"https:\/\/aumonerie-catholique-chu.fr\/index.php\/sacrements\/\" style=\"box-shadow:var(--wp--preset--shadow--natural)\">Juste par curiosit\u00e9&#8230;<\/a><\/div>\n<\/div>\n\n\n\n<div style=\"height:30px\" aria-hidden=\"true\" class=\"wp-block-spacer\"><\/div>\n\n\n\n<ul class=\"wp-block-list\">\n<li class=\"has-heading-font-family has-x-large-font-size\">Votre mission, si vous l&rsquo;acceptez&#8230;<\/li>\n<\/ul>\n\n\n\n<figure class=\"wp-block-image aligncenter size-full is-resized is-style-rounded is-style-rounded--5\" style=\"margin-right:var(--wp--preset--spacing--50);margin-left:var(--wp--preset--spacing--50)\"><a href=\"https:\/\/aumonerie-catholique-chu.fr\/index.php\/votre-mission-si-vous-lacceptez\/\"><img loading=\"lazy\" decoding=\"async\" width=\"1024\" height=\"1024\" src=\"https:\/\/aumonerie-catholique-chu.fr\/wp-content\/uploads\/2025\/10\/Reve-dun-homme-et-de-la-Terre.jpg\" alt=\"\" class=\"wp-image-463\" style=\"box-shadow:var(--wp--preset--shadow--natural);width:190px\" srcset=\"https:\/\/aumonerie-catholique-chu.fr\/wp-content\/uploads\/2025\/10\/Reve-dun-homme-et-de-la-Terre.jpg 1024w, https:\/\/aumonerie-catholique-chu.fr\/wp-content\/uploads\/2025\/10\/Reve-dun-homme-et-de-la-Terre-300x300.jpg 300w, https:\/\/aumonerie-catholique-chu.fr\/wp-content\/uploads\/2025\/10\/Reve-dun-homme-et-de-la-Terre-150x150.jpg 150w, https:\/\/aumonerie-catholique-chu.fr\/wp-content\/uploads\/2025\/10\/Reve-dun-homme-et-de-la-Terre-768x768.jpg 768w\" sizes=\"auto, (max-width: 1024px) 100vw, 1024px\" \/><\/a><\/figure>\n\n\n\n<p class=\"has-small-font-size\">Et si votre temps d&rsquo;hospitalisation \u00e9tait pr\u00e9cieux&#8230; Et si, au fond de votre lit, l&rsquo;immobilisation, l&rsquo;ennui, l&rsquo;impuissance, la solitude ou la souffrance dans lesquels vous plonge votre maladie, devenaient un tr\u00e9sor \u00e0 faire fructifier&#8230; Et si vous acceptiez de devenir missionnaire&#8230;<\/p>\n\n\n\n<div class=\"wp-block-buttons is-layout-flex wp-block-buttons-is-layout-flex\">\n<div class=\"wp-block-button\"><a class=\"wp-block-button__link wp-element-button\" href=\"https:\/\/aumonerie-catholique-chu.fr\/index.php\/votre-mission-si-vous-lacceptez\/\" style=\"box-shadow:var(--wp--preset--shadow--natural)\">Comment cela peut-il se faire&#8230;?<\/a><\/div>\n<\/div>\n\n\n\n<div style=\"height:30px\" aria-hidden=\"true\" class=\"wp-block-spacer\"><\/div>\n\n\n\n<ul class=\"wp-block-list\">\n<li class=\"has-heading-font-family\">Quelques m\u00e9dias int\u00e9ressants&#8230;<\/li>\n<\/ul>\n\n\n\n<figure class=\"wp-block-image aligncenter size-large is-resized is-style-rounded is-style-rounded--6\"><img loading=\"lazy\" decoding=\"async\" width=\"1024\" height=\"683\" src=\"https:\/\/aumonerie-catholique-chu.fr\/wp-content\/uploads\/2025\/10\/ChatGPT-Image-21-oct.-2025-22_12_16-1024x683.jpg\" alt=\"\" class=\"wp-image-553\" style=\"box-shadow:var(--wp--preset--shadow--natural);width:228px;height:auto\" srcset=\"https:\/\/aumonerie-catholique-chu.fr\/wp-content\/uploads\/2025\/10\/ChatGPT-Image-21-oct.-2025-22_12_16-1024x683.jpg 1024w, https:\/\/aumonerie-catholique-chu.fr\/wp-content\/uploads\/2025\/10\/ChatGPT-Image-21-oct.-2025-22_12_16-300x200.jpg 300w, https:\/\/aumonerie-catholique-chu.fr\/wp-content\/uploads\/2025\/10\/ChatGPT-Image-21-oct.-2025-22_12_16-768x512.jpg 768w, https:\/\/aumonerie-catholique-chu.fr\/wp-content\/uploads\/2025\/10\/ChatGPT-Image-21-oct.-2025-22_12_16.jpg 1536w\" sizes=\"auto, (max-width: 1024px) 100vw, 1024px\" \/><\/figure>\n\n\n\n<div class=\"wp-block-buttons is-layout-flex wp-block-buttons-is-layout-flex\">\n<div class=\"wp-block-button\"><a class=\"wp-block-button__link wp-element-button\" href=\"https:\/\/www.ktotv.com\/\" style=\"box-shadow:var(--wp--preset--shadow--natural)\">TV KTO<\/a><\/div>\n\n\n\n<div class=\"wp-block-button is-style-outline is-style-outline--7\"><a class=\"wp-block-button__link wp-element-button\" href=\"https:\/\/www.ktotv.com\/guide\/\">Programme de la chaine KTO<\/a><\/div>\n\n\n\n<div class=\"wp-block-button\"><a class=\"wp-block-button__link wp-element-button\" href=\"https:\/\/www.rcf.fr\/bordeaux\" style=\"box-shadow:var(--wp--preset--shadow--natural)\">Radio RCF<\/a><\/div>\n\n\n\n<div class=\"wp-block-button\"><a class=\"wp-block-button__link wp-element-button\" href=\"https:\/\/www.lourdes-france.com\/lourdesplus\/#\">Lourdes en direct<\/a><\/div>\n<\/div>\n\n\n\n<div style=\"height:30px\" aria-hidden=\"true\" class=\"wp-block-spacer\"><\/div>\n\n\n\n<ul class=\"wp-block-list\">\n<li class=\"has-heading-font-family\">Quelques nouvelles du Pape L\u00e9on XIV<\/li>\n<\/ul>\n\n\n\n<figure class=\"wp-block-image aligncenter size-large is-resized is-style-rounded is-style-rounded--8\"><a href=\"https:\/\/www.vaticannews.va\/fr\/pape.html\"><img loading=\"lazy\" decoding=\"async\" width=\"683\" height=\"1024\" src=\"https:\/\/aumonerie-catholique-chu.fr\/wp-content\/uploads\/2025\/10\/ChatGPT-Image-21-oct.-2025-22_18_53-683x1024.jpg\" alt=\"\" class=\"wp-image-555\" style=\"box-shadow:var(--wp--preset--shadow--natural);width:190px\" srcset=\"https:\/\/aumonerie-catholique-chu.fr\/wp-content\/uploads\/2025\/10\/ChatGPT-Image-21-oct.-2025-22_18_53-683x1024.jpg 683w, https:\/\/aumonerie-catholique-chu.fr\/wp-content\/uploads\/2025\/10\/ChatGPT-Image-21-oct.-2025-22_18_53-200x300.jpg 200w, https:\/\/aumonerie-catholique-chu.fr\/wp-content\/uploads\/2025\/10\/ChatGPT-Image-21-oct.-2025-22_18_53-768x1152.jpg 768w, https:\/\/aumonerie-catholique-chu.fr\/wp-content\/uploads\/2025\/10\/ChatGPT-Image-21-oct.-2025-22_18_53.jpg 1024w\" sizes=\"auto, (max-width: 683px) 100vw, 683px\" \/><\/a><\/figure>\n\n\n\n<div class=\"wp-block-buttons is-layout-flex wp-block-buttons-is-layout-flex\">\n<div class=\"wp-block-button\"><a class=\"wp-block-button__link wp-element-button\" href=\"https:\/\/www.vaticannews.va\/fr\/pape.html\" style=\"box-shadow:var(--wp--preset--shadow--natural)\">News&#8230;<\/a><\/div>\n<\/div>\n","protected":false},"excerpt":{"rendered":"<p>\u00ab La pri\u00e8re dilate le c\u0153ur. Sans la force de la pri\u00e8re, notre vie serait insupportable. \u00bb (M\u00e8re Teresa) Vous avez d\u00fb entendre en arrivant \u00e0 l&rsquo;h\u00f4pital la question : \u00ab\u00a0Etes-vous \u00e0 jour dans vos vaccins?\u00a0\u00bb On n&rsquo;y \u00e9chappe pas ! Et si vous vous posiez la question pour votre \u00e2me : o\u00f9 en \u00eates-vous [&hellip;]<\/p>\n","protected":false},"author":1,"featured_media":0,"parent":0,"menu_order":0,"comment_status":"closed","ping_status":"closed","template":"","meta":{"footnotes":""},"class_list":["post-63","page","type-page","status-publish","hentry"],"_links":{"self":[{"href":"https:\/\/aumonerie-catholique-chu.fr\/index.php\/wp-json\/wp\/v2\/pages\/63","targetHints":{"allow":["GET"]}}],"collection":[{"href":"https:\/\/aumonerie-catholique-chu.fr\/index.php\/wp-json\/wp\/v2\/pages"}],"about":[{"href":"https:\/\/aumonerie-catholique-chu.fr\/index.php\/wp-json\/wp\/v2\/types\/page"}],"author":[{"embeddable":true,"href":"https:\/\/aumonerie-catholique-chu.fr\/index.php\/wp-json\/wp\/v2\/users\/1"}],"replies":[{"embeddable":true,"href":"https:\/\/aumonerie-catholique-chu.fr\/index.php\/wp-json\/wp\/v2\/comments?post=63"}],"version-history":[{"count":51,"href":"https:\/\/aumonerie-catholique-chu.fr\/index.php\/wp-json\/wp\/v2\/pages\/63\/revisions"}],"predecessor-version":[{"id":811,"href":"https:\/\/aumonerie-catholique-chu.fr\/index.php\/wp-json\/wp\/v2\/pages\/63\/revisions\/811"}],"wp:attachment":[{"href":"https:\/\/aumonerie-catholique-chu.fr\/index.php\/wp-json\/wp\/v2\/media?parent=63"}],"curies":[{"name":"wp","href":"https:\/\/api.w.org\/{rel}","templated":true}]}}