{"id":68,"date":"2025-10-11T20:45:31","date_gmt":"2025-10-11T20:45:31","guid":{"rendered":"https:\/\/aumonerie-catholique-chu.fr\/?page_id=68"},"modified":"2025-10-23T18:54:19","modified_gmt":"2025-10-23T18:54:19","slug":"notre-equipe-et-notre-mission","status":"publish","type":"page","link":"https:\/\/aumonerie-catholique-chu.fr\/index.php\/notre-equipe-et-notre-mission\/","title":{"rendered":"Notre \u00e9quipe et notre mission"},"content":{"rendered":"\n<figure class=\"wp-block-image aligncenter size-large is-resized is-style-rounded is-style-rounded--1\"><img loading=\"lazy\" decoding=\"async\" width=\"1024\" height=\"683\" src=\"https:\/\/aumonerie-catholique-chu.fr\/wp-content\/uploads\/2025\/10\/Discussion-autour-de-la-foi-1024x683.jpg\" alt=\"\" class=\"wp-image-445\" style=\"box-shadow:var(--wp--preset--shadow--natural);width:190px\" srcset=\"https:\/\/aumonerie-catholique-chu.fr\/wp-content\/uploads\/2025\/10\/Discussion-autour-de-la-foi-1024x683.jpg 1024w, https:\/\/aumonerie-catholique-chu.fr\/wp-content\/uploads\/2025\/10\/Discussion-autour-de-la-foi-300x200.jpg 300w, https:\/\/aumonerie-catholique-chu.fr\/wp-content\/uploads\/2025\/10\/Discussion-autour-de-la-foi-768x512.jpg 768w, https:\/\/aumonerie-catholique-chu.fr\/wp-content\/uploads\/2025\/10\/Discussion-autour-de-la-foi.jpg 1536w\" sizes=\"auto, (max-width: 1024px) 100vw, 1024px\" \/><\/figure>\n\n\n\n<div style=\"height:30px\" aria-hidden=\"true\" class=\"wp-block-spacer\"><\/div>\n\n\n\n<p class=\"has-small-font-size\">Compos\u00e9e de salari\u00e9(e)s du CHU, de b\u00e9n\u00e9voles form\u00e9s et d&rsquo;un pr\u00eatre, <a href=\"https:\/\/bordeaux.catholique.fr\/entite\/hopital-xavier-arnozan-haut-leveque\/\">notre \u00e9quipe<\/a> de 9 personnes est envoy\u00e9e par l&rsquo;\u00e9v\u00eaque catholique de Bordeaux Mgr James. Nous sommes disponibles 7 jours sur 7, 24 heures sur 24 pour vous accompagner pendant votre s\u00e9jour \u00e0 l&rsquo;h\u00f4pital, si vous le d\u00e9sirez.<\/p>\n\n\n\n<hr class=\"wp-block-separator has-alpha-channel-opacity\"\/>\n\n\n\n<div style=\"height:20px\" aria-hidden=\"true\" class=\"wp-block-spacer\"><\/div>\n\n\n\n<p class=\"has-heading-font-family has-large-font-size\">Les 5 commandements de l&rsquo;<a href=\"https:\/\/www.fhf.fr\/sites\/default\/files\/2024-05\/Note%20d%27information%20DGOS%20du%2017%20mars%202024%20relative%20%C3%A0%20la%20charte%20des%20aum%C3%B4neries.pdf\">aum\u00f4nier<\/a> catholique:<\/p>\n\n\n\n<ul class=\"wp-block-list has-small-font-size\">\n<li>Etre contagieux de la douce joie qui vient de J\u00e9sus, de se savoir aim\u00e9 infiniment, inconditionnellement, pour toujours !<\/li>\n\n\n\n<li>Etre une oreille attentive, discr\u00e8te, accompagnante, disponible \u00e0 toutes et tous<\/li>\n\n\n\n<li>Respecter le cadre de la la\u00efcit\u00e9, c&rsquo;est-\u00e0-dire le <a href=\"https:\/\/sante.gouv.fr\/IMG\/pdf\/charte_a4_couleur.pdf\">droit du patient<\/a> \u00e0 exprimer et \u00e0 vivre sa foi (ou pas) et la neutralit\u00e9 de l&rsquo;h\u00f4pital.<\/li>\n\n\n\n<li>Etre missionn\u00e9 par l&rsquo;Eglise, en communion avec Elle.<\/li>\n\n\n\n<li>R\u00e9pondre \u00e0 la demande spirituelle \/ cultuelle des patients et de leurs familles.<\/li>\n<\/ul>\n\n\n\n<hr class=\"wp-block-separator has-alpha-channel-opacity\"\/>\n\n\n\n<div style=\"height:20px\" aria-hidden=\"true\" class=\"wp-block-spacer\"><\/div>\n\n\n\n<p class=\"has-small-font-size\">Si vous avez des questions, n&rsquo;h\u00e9sitez pas \u00e0 nous joindre :<\/p>\n\n\n\n<div class=\"wp-block-buttons is-layout-flex wp-block-buttons-is-layout-flex\">\n<div class=\"wp-block-button\"><a class=\"wp-block-button__link wp-element-button\" href=\"https:\/\/aumonerie-catholique-chu.fr\/index.php\/contact\/\" style=\"box-shadow:var(--wp--preset--shadow--natural)\">Nous contacter<\/a><\/div>\n<\/div>\n\n\n\n<div style=\"height:30px\" aria-hidden=\"true\" class=\"wp-block-spacer\"><\/div>\n\n\n\n<figure class=\"wp-block-gallery has-nested-images columns-default is-cropped wp-block-gallery-4 is-layout-flex wp-block-gallery-is-layout-flex\">\n<figure class=\"wp-block-image size-full is-style-rounded is-style-rounded--2\"><a href=\"https:\/\/www.chu-bordeaux.fr\/\"><img loading=\"lazy\" decoding=\"async\" width=\"314\" height=\"161\" data-id=\"446\" src=\"https:\/\/aumonerie-catholique-chu.fr\/wp-content\/uploads\/2025\/10\/logo-CHU-bordeaux.png\" alt=\"\" class=\"wp-image-446\" style=\"box-shadow:var(--wp--preset--shadow--natural)\" srcset=\"https:\/\/aumonerie-catholique-chu.fr\/wp-content\/uploads\/2025\/10\/logo-CHU-bordeaux.png 314w, https:\/\/aumonerie-catholique-chu.fr\/wp-content\/uploads\/2025\/10\/logo-CHU-bordeaux-300x154.png 300w\" sizes=\"auto, (max-width: 314px) 100vw, 314px\" \/><\/a><\/figure>\n\n\n\n<figure class=\"wp-block-image size-full is-style-rounded is-style-rounded--3\"><a href=\"https:\/\/bordeaux.catholique.fr\/\"><img loading=\"lazy\" decoding=\"async\" width=\"270\" height=\"148\" data-id=\"448\" src=\"https:\/\/aumonerie-catholique-chu.fr\/wp-content\/uploads\/2025\/10\/logo-diocese-de-Bordeaux.png\" alt=\"\" class=\"wp-image-448\" style=\"box-shadow:var(--wp--preset--shadow--natural)\"\/><\/a><\/figure>\n<\/figure>\n","protected":false},"excerpt":{"rendered":"<p>Compos\u00e9e de salari\u00e9(e)s du CHU, de b\u00e9n\u00e9voles form\u00e9s et d&rsquo;un pr\u00eatre, notre \u00e9quipe de 9 personnes est envoy\u00e9e par l&rsquo;\u00e9v\u00eaque catholique de Bordeaux Mgr James. Nous sommes disponibles 7 jours sur 7, 24 heures sur 24 pour vous accompagner pendant votre s\u00e9jour \u00e0 l&rsquo;h\u00f4pital, si vous le d\u00e9sirez. Les 5 commandements de l&rsquo;aum\u00f4nier catholique: Si [&hellip;]<\/p>\n","protected":false},"author":1,"featured_media":0,"parent":0,"menu_order":0,"comment_status":"closed","ping_status":"closed","template":"","meta":{"footnotes":""},"class_list":["post-68","page","type-page","status-publish","hentry"],"_links":{"self":[{"href":"https:\/\/aumonerie-catholique-chu.fr\/index.php\/wp-json\/wp\/v2\/pages\/68","targetHints":{"allow":["GET"]}}],"collection":[{"href":"https:\/\/aumonerie-catholique-chu.fr\/index.php\/wp-json\/wp\/v2\/pages"}],"about":[{"href":"https:\/\/aumonerie-catholique-chu.fr\/index.php\/wp-json\/wp\/v2\/types\/page"}],"author":[{"embeddable":true,"href":"https:\/\/aumonerie-catholique-chu.fr\/index.php\/wp-json\/wp\/v2\/users\/1"}],"replies":[{"embeddable":true,"href":"https:\/\/aumonerie-catholique-chu.fr\/index.php\/wp-json\/wp\/v2\/comments?post=68"}],"version-history":[{"count":25,"href":"https:\/\/aumonerie-catholique-chu.fr\/index.php\/wp-json\/wp\/v2\/pages\/68\/revisions"}],"predecessor-version":[{"id":670,"href":"https:\/\/aumonerie-catholique-chu.fr\/index.php\/wp-json\/wp\/v2\/pages\/68\/revisions\/670"}],"wp:attachment":[{"href":"https:\/\/aumonerie-catholique-chu.fr\/index.php\/wp-json\/wp\/v2\/media?parent=68"}],"curies":[{"name":"wp","href":"https:\/\/api.w.org\/{rel}","templated":true}]}}