{"id":702,"date":"2025-10-25T08:25:01","date_gmt":"2025-10-25T08:25:01","guid":{"rendered":"https:\/\/aumonerie-catholique-chu.fr\/?page_id=702"},"modified":"2025-10-25T08:25:02","modified_gmt":"2025-10-25T08:25:02","slug":"la-satisfaction","status":"publish","type":"page","link":"https:\/\/aumonerie-catholique-chu.fr\/index.php\/la-satisfaction\/","title":{"rendered":"la satisfaction"},"content":{"rendered":"\n<p class=\"has-small-font-size\">Le cat\u00e9chisme de l&rsquo;Eglise Catholique nous dit :<\/p>\n\n\n\n<p class=\"has-small-font-size\">1459 Beaucoup de p\u00e9ch\u00e9s causent du tort au prochain. Il faut faire le possible pour le r\u00e9parer (par exemple restituer des choses vol\u00e9es, r\u00e9tablir la r\u00e9putation de celui qui a \u00e9t\u00e9 calomni\u00e9, compenser des blessures). La simple justice exige cela. Mais en plus, le p\u00e9ch\u00e9 blesse et affaiblit le p\u00e9cheur lui-m\u00eame, ainsi que ses relations avec Dieu et avec le prochain. L\u2019absolution enl\u00e8ve le p\u00e9ch\u00e9, mais elle ne rem\u00e9die pas \u00e0 tous les d\u00e9sordres que le p\u00e9ch\u00e9 a caus\u00e9s (cf. Cc. Trente\u00a0: DS 1712). Relev\u00e9 du p\u00e9ch\u00e9, le p\u00e9cheur doit encore recouvrer la pleine sant\u00e9 spirituelle. Il doit donc faire quelque chose de plus pour r\u00e9parer ses p\u00e9ch\u00e9s\u00a0: il doit \u00a0\u00bb\u00a0satisfaire\u00a0\u00a0\u00bb de mani\u00e8re appropri\u00e9e ou \u00a0\u00bb\u00a0expier\u00a0\u00a0\u00bb ses p\u00e9ch\u00e9s. Cette satisfaction s\u2019appelle aussi \u00a0\u00bb\u00a0p\u00e9nitence\u00a0\u00ab\u00a0.<\/p>\n\n\n\n<p class=\"has-small-font-size\">1460 La\u00a0<em>p\u00e9nitence<\/em>\u00a0que le confesseur impose, doit tenir compte de la situation personnelle du p\u00e9nitent et doit chercher son bien spirituel. Elle doit correspondre autant que possible \u00e0 la gravit\u00e9 et \u00e0 la nature des p\u00e9ch\u00e9s commis. Elle peut consister dans la pri\u00e8re, une offrande, dans les \u0153uvres de mis\u00e9ricorde, le service du prochain, dans des privations volontaires, des sacrifices, et surtout dans l\u2019acceptation patiente de la croix que nous devons porter. De telles p\u00e9nitences aident \u00e0 nous configurer au Christ qui, seul, a expi\u00e9 pour nos p\u00e9ch\u00e9s (cf. Rm 3, 25\u00a0; 1 Jn 2, 1-2) une fois pour toutes. Elles nous permettent de devenir les coh\u00e9ritiers du Christ ressuscit\u00e9, \u00a0\u00bb\u00a0puisque nous souffrons avec lui\u00a0\u00a0\u00bb (Rm 8, 17\u00a0; cf. Cc. Trente\u00a0: DS 1690)\u00a0:<\/p>\n\n\n\n<p class=\"has-small-font-size\">Mais notre satisfaction, celle que nous acquittons pour nos p\u00e9ch\u00e9s, n\u2019est que par J\u00e9sus-Christ&nbsp;: nous qui, de nous m\u00eames comme tels, ne pouvons rien nous-m\u00eames, avec l\u2019aide \u00a0\u00bb&nbsp;de celui qui nous fortifie, nous pouvons tout&nbsp;\u00a0\u00bb (Ph 4, 13). Ainsi l\u2019homme n\u2019a rien dont il puisse se glorifier, mais toute notre \u00a0\u00bb&nbsp;gloire&nbsp;\u00a0\u00bb est dans le Christ&#8230; en qui nous satisfaisons, \u00a0\u00bb&nbsp;en faisant de dignes fruits de p\u00e9nitence&nbsp;\u00a0\u00bb (Lc 3, 8), qui en Lui puisent leur force, par Lui sont offerts au P\u00e8re et gr\u00e2ce \u00e0 Lui sont accept\u00e9s par le P\u00e8re (Cc. Trente&nbsp;: DS 1691).<\/p>\n","protected":false},"excerpt":{"rendered":"<p>Le cat\u00e9chisme de l&rsquo;Eglise Catholique nous dit : 1459 Beaucoup de p\u00e9ch\u00e9s causent du tort au prochain. Il faut faire le possible pour le r\u00e9parer (par exemple restituer des choses vol\u00e9es, r\u00e9tablir la r\u00e9putation de celui qui a \u00e9t\u00e9 calomni\u00e9, compenser des blessures). La simple justice exige cela. Mais en plus, le p\u00e9ch\u00e9 blesse et [&hellip;]<\/p>\n","protected":false},"author":1,"featured_media":0,"parent":0,"menu_order":0,"comment_status":"closed","ping_status":"closed","template":"","meta":{"footnotes":""},"class_list":["post-702","page","type-page","status-publish","hentry"],"_links":{"self":[{"href":"https:\/\/aumonerie-catholique-chu.fr\/index.php\/wp-json\/wp\/v2\/pages\/702","targetHints":{"allow":["GET"]}}],"collection":[{"href":"https:\/\/aumonerie-catholique-chu.fr\/index.php\/wp-json\/wp\/v2\/pages"}],"about":[{"href":"https:\/\/aumonerie-catholique-chu.fr\/index.php\/wp-json\/wp\/v2\/types\/page"}],"author":[{"embeddable":true,"href":"https:\/\/aumonerie-catholique-chu.fr\/index.php\/wp-json\/wp\/v2\/users\/1"}],"replies":[{"embeddable":true,"href":"https:\/\/aumonerie-catholique-chu.fr\/index.php\/wp-json\/wp\/v2\/comments?post=702"}],"version-history":[{"count":1,"href":"https:\/\/aumonerie-catholique-chu.fr\/index.php\/wp-json\/wp\/v2\/pages\/702\/revisions"}],"predecessor-version":[{"id":703,"href":"https:\/\/aumonerie-catholique-chu.fr\/index.php\/wp-json\/wp\/v2\/pages\/702\/revisions\/703"}],"wp:attachment":[{"href":"https:\/\/aumonerie-catholique-chu.fr\/index.php\/wp-json\/wp\/v2\/media?parent=702"}],"curies":[{"name":"wp","href":"https:\/\/api.w.org\/{rel}","templated":true}]}}