{"id":95,"date":"2025-10-12T14:16:53","date_gmt":"2025-10-12T14:16:53","guid":{"rendered":"https:\/\/aumonerie-catholique-chu.fr\/?page_id=95"},"modified":"2025-10-22T19:43:01","modified_gmt":"2025-10-22T19:43:01","slug":"priere-de-demande-de-guerison","status":"publish","type":"page","link":"https:\/\/aumonerie-catholique-chu.fr\/index.php\/priere-de-demande-de-guerison\/","title":{"rendered":"Pri\u00e8re de demande de gu\u00e9rison"},"content":{"rendered":"\n<figure class=\"wp-block-image aligncenter size-full is-resized is-style-rounded is-style-rounded--1\"><img loading=\"lazy\" decoding=\"async\" width=\"1024\" height=\"1024\" src=\"https:\/\/aumonerie-catholique-chu.fr\/wp-content\/uploads\/2025\/10\/ChatGPT-Image-18-oct.-2025-12_19_55.jpg\" alt=\"\" class=\"wp-image-418\" style=\"box-shadow:var(--wp--preset--shadow--natural);width:190px\" srcset=\"https:\/\/aumonerie-catholique-chu.fr\/wp-content\/uploads\/2025\/10\/ChatGPT-Image-18-oct.-2025-12_19_55.jpg 1024w, https:\/\/aumonerie-catholique-chu.fr\/wp-content\/uploads\/2025\/10\/ChatGPT-Image-18-oct.-2025-12_19_55-300x300.jpg 300w, https:\/\/aumonerie-catholique-chu.fr\/wp-content\/uploads\/2025\/10\/ChatGPT-Image-18-oct.-2025-12_19_55-150x150.jpg 150w, https:\/\/aumonerie-catholique-chu.fr\/wp-content\/uploads\/2025\/10\/ChatGPT-Image-18-oct.-2025-12_19_55-768x768.jpg 768w\" sizes=\"auto, (max-width: 1024px) 100vw, 1024px\" \/><\/figure>\n\n\n\n<div style=\"height:30px\" aria-hidden=\"true\" class=\"wp-block-spacer\"><\/div>\n\n\n\n<p class=\"has-text-align-center has-medium-font-size\" style=\"line-height:1.5\">&nbsp;Je disais&nbsp;: Au milieu de mes jours, je m\u2019en vais&nbsp;; j\u2019ai ma place entre les morts pour la fin de mes ann\u00e9es.<\/p>\n\n\n\n<p class=\"has-text-align-center has-medium-font-size\" style=\"line-height:1.5\">Je disais&nbsp;: Je ne verrai pas le Seigneur sur la terre des vivants, plus un visage d\u2019homme parmi les habitants du monde&nbsp;!<\/p>\n\n\n\n<p class=\"has-text-align-center has-medium-font-size\" style=\"line-height:1.5\">Ma demeure m\u2019est enlev\u00e9e, arrach\u00e9e, comme une tente de berger. Tel un tisserand, j\u2019ai d\u00e9vid\u00e9 ma vie&nbsp;: le fil est tranch\u00e9. Du jour \u00e0 la nuit, tu m\u2019ach\u00e8ves&nbsp;;<\/p>\n\n\n\n<p class=\"has-text-align-center has-medium-font-size\" style=\"line-height:1.5\">j\u2019ai cri\u00e9 jusqu\u2019au matin. Comme un lion, il a broy\u00e9 tous mes os. Du jour \u00e0 la nuit, tu m\u2019ach\u00e8ves.<\/p>\n\n\n\n<p class=\"has-text-align-center has-medium-font-size\" style=\"line-height:1.5\">Comme l\u2019hirondelle, je crie&nbsp;; je g\u00e9mis comme la colombe. \u00c0 regarder l\u00e0-haut, mes yeux faiblissent&nbsp;: Seigneur, je d\u00e9faille&nbsp;! Sois mon soutien&nbsp;!<\/p>\n\n\n\n<p class=\"has-text-align-center has-medium-font-size\" style=\"line-height:1.5\">Que lui dirai-je pour qu\u2019il me r\u00e9ponde, \u00e0 lui qui agit&nbsp;? J\u2019irais, errant au long de mes ann\u00e9es avec mon amertume&nbsp;?<\/p>\n\n\n\n<p class=\"has-text-align-center has-medium-font-size\" style=\"line-height:1.5\">Oui, tu me gu\u00e9riras, tu me feras vivre&nbsp;:<\/p>\n\n\n\n<p class=\"has-text-align-center has-medium-font-size\" style=\"line-height:1.5\">voici que mon amertume se change en paix. Et toi, tu t\u2019es attach\u00e9 \u00e0 mon \u00e2me, tu me tires du n\u00e9ant de l\u2019ab\u00eeme. Tu as jet\u00e9, loin derri\u00e8re toi, tous mes p\u00e9ch\u00e9s.<\/p>\n\n\n\n<p class=\"has-text-align-center has-medium-font-size\" style=\"line-height:1.5\">La mort ne peut te rendre gr\u00e2ce, ni le s\u00e9jour des morts, te louer. Ils n\u2019esp\u00e8rent plus ta fid\u00e9lit\u00e9, ceux qui descendent dans la fosse.<\/p>\n\n\n\n<p class=\"has-text-align-center has-medium-font-size\" style=\"line-height:1.5\">Le vivant, le vivant, lui, te rend gr\u00e2ce, comme moi, aujourd\u2019hui. Et le p\u00e8re \u00e0 ses enfants montrera ta fid\u00e9lit\u00e9.<\/p>\n\n\n\n<p class=\"has-text-align-center has-medium-font-size\" style=\"line-height:1.5\">Seigneur, viens me sauver&nbsp;! Et nous jouerons sur nos cithares, tous les jours de notre vie, aupr\u00e8s de la Maison du Seigneur.<\/p>\n\n\n\n<p class=\"has-text-align-right has-small-font-size\"><a href=\"https:\/\/aumonerie-catholique-chu.fr\/index.php\/isaie-3810-20\/\" data-type=\"page\" data-id=\"311\">Proph\u00e8te Isa\u00efe 38,10-20<\/a><\/p>\n\n\n\n<div class=\"wp-block-buttons is-layout-flex wp-block-buttons-is-layout-flex\">\n<div class=\"wp-block-button\"><a class=\"wp-block-button__link wp-element-button\" href=\"https:\/\/aumonerie-catholique-chu.fr\/index.php\/la-bonne-priere\/\">Retour<\/a><\/div>\n<\/div>\n","protected":false},"excerpt":{"rendered":"<p>&nbsp;Je disais&nbsp;: Au milieu de mes jours, je m\u2019en vais&nbsp;; j\u2019ai ma place entre les morts pour la fin de mes ann\u00e9es. Je disais&nbsp;: Je ne verrai pas le Seigneur sur la terre des vivants, plus un visage d\u2019homme parmi les habitants du monde&nbsp;! Ma demeure m\u2019est enlev\u00e9e, arrach\u00e9e, comme une tente de berger. Tel [&hellip;]<\/p>\n","protected":false},"author":1,"featured_media":0,"parent":0,"menu_order":0,"comment_status":"closed","ping_status":"closed","template":"","meta":{"footnotes":""},"class_list":["post-95","page","type-page","status-publish","hentry"],"_links":{"self":[{"href":"https:\/\/aumonerie-catholique-chu.fr\/index.php\/wp-json\/wp\/v2\/pages\/95","targetHints":{"allow":["GET"]}}],"collection":[{"href":"https:\/\/aumonerie-catholique-chu.fr\/index.php\/wp-json\/wp\/v2\/pages"}],"about":[{"href":"https:\/\/aumonerie-catholique-chu.fr\/index.php\/wp-json\/wp\/v2\/types\/page"}],"author":[{"embeddable":true,"href":"https:\/\/aumonerie-catholique-chu.fr\/index.php\/wp-json\/wp\/v2\/users\/1"}],"replies":[{"embeddable":true,"href":"https:\/\/aumonerie-catholique-chu.fr\/index.php\/wp-json\/wp\/v2\/comments?post=95"}],"version-history":[{"count":6,"href":"https:\/\/aumonerie-catholique-chu.fr\/index.php\/wp-json\/wp\/v2\/pages\/95\/revisions"}],"predecessor-version":[{"id":583,"href":"https:\/\/aumonerie-catholique-chu.fr\/index.php\/wp-json\/wp\/v2\/pages\/95\/revisions\/583"}],"wp:attachment":[{"href":"https:\/\/aumonerie-catholique-chu.fr\/index.php\/wp-json\/wp\/v2\/media?parent=95"}],"curies":[{"name":"wp","href":"https:\/\/api.w.org\/{rel}","templated":true}]}}